{"id":707,"date":"2019-12-17T00:10:31","date_gmt":"2019-12-16T23:10:31","guid":{"rendered":"http:\/\/www.kampfsport-dagersheim.de\/KSD\/?page_id=707"},"modified":"2019-12-17T00:14:29","modified_gmt":"2019-12-16T23:14:29","slug":"verhalten-im-dojo","status":"publish","type":"page","link":"https:\/\/www.kampfsport-dagersheim.de\/?page_id=707","title":{"rendered":"Verhalten im Dojo"},"content":{"rendered":"\t\t<div data-elementor-type=\"wp-page\" data-elementor-id=\"707\" class=\"elementor elementor-707\">\n\t\t\t\t\t\t<section class=\"elementor-section elementor-top-section elementor-element elementor-element-71ea9929 elementor-section-boxed elementor-section-height-default elementor-section-height-default\" data-id=\"71ea9929\" data-element_type=\"section\" data-e-type=\"section\">\n\t\t\t\t\t\t<div class=\"elementor-container elementor-column-gap-default\">\n\t\t\t\t\t<div class=\"elementor-column elementor-col-100 elementor-top-column elementor-element elementor-element-57f38d6d\" data-id=\"57f38d6d\" data-element_type=\"column\" data-e-type=\"column\">\n\t\t\t<div class=\"elementor-widget-wrap elementor-element-populated\">\n\t\t\t\t\t\t<div class=\"elementor-element elementor-element-5b48c059 elementor-widget elementor-widget-text-editor\" data-id=\"5b48c059\" data-element_type=\"widget\" data-e-type=\"widget\" data-widget_type=\"text-editor.default\">\n\t\t\t\t<div class=\"elementor-widget-container\">\n\t\t\t\t\t\t\t\t\t<p><strong>Verhalten im Dojo<br \/><\/strong>In allen japanischen Kampfsportarten wird eine bestimmte Etikette gepflegt, so auch im Ju Jitsu, Hanbo Jitsu und Kickboxen. Die Grundregeln sollte man beachten, sie geh\u00f6ren zu unserer Kampfkunst und zu unserem Sport.<\/p><p><strong>Achte die Etikette<br \/><\/strong>Beachte die Gru\u00dfformen der Etikette, wie beispielsweise das An- und Abgr\u00fc\u00dfen zu Trainingsbeginn und -ende, die Verbeugung beim Betreten des Trainingsraumes oder das Verbeugen vor dem Trainingspartner vor Beginn der Partner\u00fcbung.<\/p><p><strong>Sei p\u00fcnktlich<br \/><\/strong>P\u00fcnktliches Erscheinen zum Unterricht wird erwartet. Kommt ein Sch\u00fcler zu sp\u00e4t zum Unterricht, meldet er sich beim Lehrer und beginnt selbstst\u00e4ndig mit dem Aufw\u00e4rmtraining. Danach nimmt er seinen Platz in der Gruppe ein. Gr\u00fc\u00dft die Gruppe gerade an, wartet man ab, bis sie fertig ist. Nie die Matte w\u00e4hrend des Angr\u00fc\u00dfens betreten.<\/p><p><strong>Vermeide die Verletzungsgefahr<br \/><\/strong>W\u00e4hrend des Trainings werden keine Uhren und kein Schmuck getragen, au\u00dfer wenn beim Abnehmen des Schmucks unzumutbare Schwierigkeiten auftreten.<\/p><p>Trainiert wird in der Regel barfu\u00df. Auch erlaubt sind spezielle Budo-Mattenschuhe bzw. Stoppersocken (Kinderbereich). Sonstige Turnschuhe sind wegen der Verletzungsgefahr nicht gestattet.<\/p><p><strong>Sei stark und selbstbeherrscht<br \/><\/strong>Achte auf deinen Trainingspartner und unter- bzw. \u00fcbersch\u00e4tze dich und ihn nicht. Un\u00fcberlegte Kraftakte, leichtsinnige oder gewaltvolle Anwendungen von Griffen und Techniken sind zu unterlassen.<\/p><p>K\u00f6rperliche Beeintr\u00e4chtigungen sind dem Trainer vor Unterricht mitzuteilen.<\/p><p><strong>Zeige Respekt<br \/><\/strong>Respektiere deinen Trainer und h\u00f6here G\u00fcrteltr\u00e4ger \u2013 Sie haben mehr Wissen und Erfahrung als du und du kannst von ihnen lernen. Die rangh\u00f6heren Sch\u00fcler m\u00fcssen alles tun, um den Sch\u00fclern, die einen niedrigeren G\u00fcrtelgrad haben, bei ihrem Training (Ausbildung) behilflich zu sein. Vor allem durch ihren vorbildlichen Einsatz und ihre ernsthafte Haltung zeigen sie, dass sie ihren h\u00f6heren G\u00fcrtelgrad zu Recht tragen.<\/p><p><strong>Sei zur\u00fcckhaltend<br \/><\/strong>W\u00e4hrend des Trainings sind Unterhaltungen zu unterlassen, au\u00dfer es ist unterrichtsrelevant. Unterbreche den Unterricht nicht durch st\u00e4ndige Fragen. Du kannst zwar fragen, wenn du wirklich nicht weiterkommst, aber lerne Stillschweigen und \u00fcbe so gut es geht selbstst\u00e4ndig. Komm nicht nach jeder \u00dcbung zum Trainer, sondern warte, bis er die \u00dcbung beendet.<\/p><p><strong>Verlasse die Matte oder den Trainingsraum nicht<br \/><\/strong>Es ist unh\u00f6flich gegen\u00fcber dem Partner oder dem Lehrer, die Matte oder das Dojo w\u00e4hrend des Trainings unaufgefordert oder unentschuldigt zu verlassen. Gib bei wichtigen Gr\u00fcnden wie z.B. Toilette, Unwohlsein oder Verletzung dem Trainer vorher Bescheid.<\/p><p><strong>Sei best\u00e4ndig<br \/><\/strong>Besuche regelm\u00e4\u00dfig die Trainingsstunden. Nur so k\u00f6nnen sich deine Partner auf dich verlassen und nur durch Best\u00e4ndigkeit kommst du im Unterricht weiter und wirst zum Meister. Jeder gibt w\u00e4hrend des Unterrichts sein Bestes und setzt sich k\u00f6rperlich und geistig (Konzentration) voll ein.<\/p><p><strong>Sei sauber<br \/><\/strong>Beachte die hygienischen Grundvoraussetzungen f\u00fcr ein sportliches Training mit deinen Partnern. Schneide deine Finger- und Fu\u00dfn\u00e4gel immer kurz. Jeder Sch\u00fcler tr\u00e4gt einen sauberen, ordnungsgem\u00e4\u00dfen Gi.<\/p><p><strong>Zeige auch au\u00dferhalb des Dojos Verantwortung<br \/><\/strong>Jeder Budoka verh\u00e4lt sich in der \u00d6ffentlichkeit so, dass er dem Ansehen seiner Kampfsportschule bzw. seines Vereines keinen Schaden zuf\u00fcgt.<\/p>\t\t\t\t\t\t\t\t<\/div>\n\t\t\t\t<\/div>\n\t\t\t\t\t<\/div>\n\t\t<\/div>\n\t\t\t\t\t<\/div>\n\t\t<\/section>\n\t\t\t\t<\/div>\n\t\t","protected":false},"excerpt":{"rendered":"<p>Verhalten im DojoIn allen japanischen Kampfsportarten wird eine bestimmte Etikette gepflegt, so auch im Ju Jitsu, Hanbo Jitsu und Kickboxen. Die Grundregeln sollte man beachten, sie geh\u00f6ren zu unserer Kampfkunst und zu unserem Sport. Achte die EtiketteBeachte die Gru\u00dfformen der Etikette, wie beispielsweise das An- und Abgr\u00fc\u00dfen zu Trainingsbeginn und -ende, die Verbeugung beim Betreten &hellip; <\/p>\n<p class=\"link-more\"><a href=\"https:\/\/www.kampfsport-dagersheim.de\/?page_id=707\" class=\"more-link\"><span class=\"screen-reader-text\">\u201eVerhalten im Dojo\u201c <\/span>weiterlesen<\/a><\/p>\n","protected":false},"author":1,"featured_media":0,"parent":0,"menu_order":0,"comment_status":"closed","ping_status":"closed","template":"","meta":{"footnotes":""},"class_list":["post-707","page","type-page","status-publish","hentry"],"_links":{"self":[{"href":"https:\/\/www.kampfsport-dagersheim.de\/index.php?rest_route=\/wp\/v2\/pages\/707","targetHints":{"allow":["GET"]}}],"collection":[{"href":"https:\/\/www.kampfsport-dagersheim.de\/index.php?rest_route=\/wp\/v2\/pages"}],"about":[{"href":"https:\/\/www.kampfsport-dagersheim.de\/index.php?rest_route=\/wp\/v2\/types\/page"}],"author":[{"embeddable":true,"href":"https:\/\/www.kampfsport-dagersheim.de\/index.php?rest_route=\/wp\/v2\/users\/1"}],"replies":[{"embeddable":true,"href":"https:\/\/www.kampfsport-dagersheim.de\/index.php?rest_route=%2Fwp%2Fv2%2Fcomments&post=707"}],"version-history":[{"count":3,"href":"https:\/\/www.kampfsport-dagersheim.de\/index.php?rest_route=\/wp\/v2\/pages\/707\/revisions"}],"predecessor-version":[{"id":711,"href":"https:\/\/www.kampfsport-dagersheim.de\/index.php?rest_route=\/wp\/v2\/pages\/707\/revisions\/711"}],"wp:attachment":[{"href":"https:\/\/www.kampfsport-dagersheim.de\/index.php?rest_route=%2Fwp%2Fv2%2Fmedia&parent=707"}],"curies":[{"name":"wp","href":"https:\/\/api.w.org\/{rel}","templated":true}]}}