{"id":654,"date":"2019-12-15T23:55:15","date_gmt":"2019-12-15T22:55:15","guid":{"rendered":"http:\/\/www.kampfsport-dagersheim.de\/KSD\/?page_id=654"},"modified":"2020-01-06T19:03:34","modified_gmt":"2020-01-06T18:03:34","slug":"schlag-und-stosstechniken","status":"publish","type":"page","link":"https:\/\/www.kampfsport-dagersheim.de\/?page_id=654","title":{"rendered":"Schlag- und Sto\u00dftechniken"},"content":{"rendered":"\t\t<div data-elementor-type=\"wp-page\" data-elementor-id=\"654\" class=\"elementor elementor-654\">\n\t\t\t\t\t\t<section class=\"elementor-section elementor-top-section elementor-element elementor-element-344005a2 elementor-section-boxed elementor-section-height-default elementor-section-height-default\" data-id=\"344005a2\" data-element_type=\"section\" data-e-type=\"section\">\n\t\t\t\t\t\t<div class=\"elementor-container elementor-column-gap-default\">\n\t\t\t\t\t<div class=\"elementor-column elementor-col-100 elementor-top-column elementor-element elementor-element-6bf9ce0\" data-id=\"6bf9ce0\" data-element_type=\"column\" data-e-type=\"column\">\n\t\t\t<div class=\"elementor-widget-wrap elementor-element-populated\">\n\t\t\t\t\t\t<div class=\"elementor-element elementor-element-9d624e6 elementor-widget elementor-widget-wp-widget-nav_menu\" data-id=\"9d624e6\" data-element_type=\"widget\" data-e-type=\"widget\" data-widget_type=\"wp-widget-nav_menu.default\">\n\t\t\t\t<div class=\"elementor-widget-container\">\n\t\t\t\t\t<nav class=\"menu-budo-lexikon-container\" aria-label=\"Men\u00fc\"><ul id=\"menu-budo-lexikon\" class=\"menu\"><li id=\"menu-item-664\" class=\"menu-item menu-item-type-post_type menu-item-object-page menu-item-664\"><a href=\"https:\/\/www.kampfsport-dagersheim.de\/?page_id=642\">Allgemeine Begriffe und Kommandos<\/a><\/li>\n<li id=\"menu-item-660\" class=\"menu-item menu-item-type-post_type menu-item-object-page menu-item-660\"><a href=\"https:\/\/www.kampfsport-dagersheim.de\/?page_id=658\">Trainingsformen, Angriffsstufen und Stellungen<\/a><\/li>\n<li id=\"menu-item-661\" class=\"menu-item menu-item-type-post_type menu-item-object-page menu-item-661\"><a href=\"https:\/\/www.kampfsport-dagersheim.de\/?page_id=656\">Block- und Fu\u00dftechniken<\/a><\/li>\n<li id=\"menu-item-662\" class=\"menu-item menu-item-type-post_type menu-item-object-page menu-item-662\"><a href=\"https:\/\/www.kampfsport-dagersheim.de\/?page_id=654\">Schlag- und Sto\u00dftechniken<\/a><\/li>\n<li id=\"menu-item-663\" class=\"menu-item menu-item-type-post_type menu-item-object-page menu-item-663\"><a href=\"https:\/\/www.kampfsport-dagersheim.de\/?page_id=648\">Z\u00e4hlen auf japanisch<\/a><\/li>\n<\/ul><\/nav>\t\t\t\t<\/div>\n\t\t\t\t<\/div>\n\t\t\t\t\t<\/div>\n\t\t<\/div>\n\t\t\t\t\t<\/div>\n\t\t<\/section>\n\t\t\t\t<section class=\"elementor-section elementor-top-section elementor-element elementor-element-e05703e elementor-section-boxed elementor-section-height-default elementor-section-height-default\" data-id=\"e05703e\" data-element_type=\"section\" data-e-type=\"section\">\n\t\t\t\t\t\t<div class=\"elementor-container elementor-column-gap-default\">\n\t\t\t\t\t<div class=\"elementor-column elementor-col-33 elementor-top-column elementor-element elementor-element-b78ef64\" data-id=\"b78ef64\" data-element_type=\"column\" data-e-type=\"column\" data-settings=\"{&quot;background_background&quot;:&quot;classic&quot;}\">\n\t\t\t<div class=\"elementor-widget-wrap elementor-element-populated\">\n\t\t\t\t\t\t<div class=\"elementor-element elementor-element-b312518 elementor-widget elementor-widget-text-editor\" data-id=\"b312518\" data-element_type=\"widget\" data-e-type=\"widget\" data-widget_type=\"text-editor.default\">\n\t\t\t\t<div class=\"elementor-widget-container\">\n\t\t\t\t\t\t\t\t\t<p><strong>Schlagtechniken<\/strong><\/p><table><tbody><tr><td>Uchi<\/td><td>Schlag<\/td><\/tr><tr><td>Uchi-Waza<\/td><td>Schlagtechnik<\/td><\/tr><tr><td>Shuto-Uchi<\/td><td>Handkantenschlag (\u00e4u\u00dfere Handkante)<\/td><\/tr><tr><td>Haito-Uchi<\/td><td>Handkantenschlag (Daumenseite, innere Handkante)<\/td><\/tr><tr><td>Empi-Uchi<\/td><td>Ellenbogenschlag<\/td><\/tr><tr><td>Uraken-Uchi<\/td><td>Faustr\u00fcckenschlag<\/td><\/tr><tr><td>Shotei-Uchi<\/td><td>Faustballenschlag<\/td><\/tr><tr><td>Tettsui-Uchi<\/td><td>Hammerfaustschlag<\/td><\/tr><\/tbody><\/table><p><br \/><br \/><\/p>\t\t\t\t\t\t\t\t<\/div>\n\t\t\t\t<\/div>\n\t\t\t\t\t<\/div>\n\t\t<\/div>\n\t\t\t\t<div class=\"elementor-column elementor-col-33 elementor-top-column elementor-element elementor-element-95a75b8\" data-id=\"95a75b8\" data-element_type=\"column\" data-e-type=\"column\">\n\t\t\t<div class=\"elementor-widget-wrap\">\n\t\t\t\t\t\t\t<\/div>\n\t\t<\/div>\n\t\t\t\t<div class=\"elementor-column elementor-col-33 elementor-top-column elementor-element elementor-element-a0ce650\" data-id=\"a0ce650\" data-element_type=\"column\" data-e-type=\"column\" data-settings=\"{&quot;background_background&quot;:&quot;classic&quot;}\">\n\t\t\t<div class=\"elementor-widget-wrap elementor-element-populated\">\n\t\t\t\t\t\t<div class=\"elementor-element elementor-element-55d54a3 elementor-widget elementor-widget-text-editor\" data-id=\"55d54a3\" data-element_type=\"widget\" data-e-type=\"widget\" data-widget_type=\"text-editor.default\">\n\t\t\t\t<div class=\"elementor-widget-container\">\n\t\t\t\t\t\t\t\t\t<p><strong>Sto\u00dftechniken<\/strong><\/p><table><tbody><tr><td>Tsuki<\/td><td>Sto\u00df<\/td><\/tr><tr><td>Tsuki-waza<\/td><td>Sto\u00dftechnik<\/td><\/tr><tr><td>Oi-Zuki<\/td><td>gleichseitiger Fauststo\u00df (Bsp:linkes Bein vor, linke Faust)<\/td><\/tr><tr><td>Gyaku-Zuki<\/td><td>\u201cverkehrter\u201d Fauststo\u00df (z.B.linkes Bein vor, rechte Faust)<\/td><\/tr><tr><td>Tate-Zuki<\/td><td>Sto\u00df mit senkrechter Faust<\/td><\/tr><tr><td>Nukite<\/td><td>Fingerstich, Fingerspitzensto\u00df<\/td><\/tr><tr><td>Renzuki<\/td><td>Mehrfachfauststo\u00df<\/td><\/tr><tr><td>Sanbon-Zuki<\/td><td>Dreimaliger Fauststo\u00df 1 x obere Stufe, 2 x mittlere Stufe<\/td><\/tr><\/tbody><\/table>\t\t\t\t\t\t\t\t<\/div>\n\t\t\t\t<\/div>\n\t\t\t\t\t<\/div>\n\t\t<\/div>\n\t\t\t\t\t<\/div>\n\t\t<\/section>\n\t\t\t\t<\/div>\n\t\t","protected":false},"excerpt":{"rendered":"<p>Schlagtechniken Uchi Schlag Uchi-Waza Schlagtechnik Shuto-Uchi Handkantenschlag (\u00e4u\u00dfere Handkante) Haito-Uchi Handkantenschlag (Daumenseite, innere Handkante) Empi-Uchi Ellenbogenschlag Uraken-Uchi Faustr\u00fcckenschlag Shotei-Uchi Faustballenschlag Tettsui-Uchi Hammerfaustschlag Sto\u00dftechniken Tsuki Sto\u00df Tsuki-waza Sto\u00dftechnik Oi-Zuki gleichseitiger Fauststo\u00df (Bsp:linkes Bein vor, linke Faust) Gyaku-Zuki \u201cverkehrter\u201d Fauststo\u00df (z.B.linkes Bein vor, rechte Faust) Tate-Zuki Sto\u00df mit senkrechter Faust Nukite Fingerstich, Fingerspitzensto\u00df Renzuki Mehrfachfauststo\u00df Sanbon-Zuki Dreimaliger &hellip; <\/p>\n<p class=\"link-more\"><a href=\"https:\/\/www.kampfsport-dagersheim.de\/?page_id=654\" class=\"more-link\"><span class=\"screen-reader-text\">\u201eSchlag- und Sto\u00dftechniken\u201c <\/span>weiterlesen<\/a><\/p>\n","protected":false},"author":1,"featured_media":0,"parent":0,"menu_order":0,"comment_status":"closed","ping_status":"closed","template":"","meta":{"footnotes":""},"class_list":["post-654","page","type-page","status-publish","hentry"],"_links":{"self":[{"href":"https:\/\/www.kampfsport-dagersheim.de\/index.php?rest_route=\/wp\/v2\/pages\/654","targetHints":{"allow":["GET"]}}],"collection":[{"href":"https:\/\/www.kampfsport-dagersheim.de\/index.php?rest_route=\/wp\/v2\/pages"}],"about":[{"href":"https:\/\/www.kampfsport-dagersheim.de\/index.php?rest_route=\/wp\/v2\/types\/page"}],"author":[{"embeddable":true,"href":"https:\/\/www.kampfsport-dagersheim.de\/index.php?rest_route=\/wp\/v2\/users\/1"}],"replies":[{"embeddable":true,"href":"https:\/\/www.kampfsport-dagersheim.de\/index.php?rest_route=%2Fwp%2Fv2%2Fcomments&post=654"}],"version-history":[{"count":5,"href":"https:\/\/www.kampfsport-dagersheim.de\/index.php?rest_route=\/wp\/v2\/pages\/654\/revisions"}],"predecessor-version":[{"id":1205,"href":"https:\/\/www.kampfsport-dagersheim.de\/index.php?rest_route=\/wp\/v2\/pages\/654\/revisions\/1205"}],"wp:attachment":[{"href":"https:\/\/www.kampfsport-dagersheim.de\/index.php?rest_route=%2Fwp%2Fv2%2Fmedia&parent=654"}],"curies":[{"name":"wp","href":"https:\/\/api.w.org\/{rel}","templated":true}]}}