{"id":4963,"date":"2025-12-15T23:54:32","date_gmt":"2025-12-15T22:54:32","guid":{"rendered":"https:\/\/www.kampfsport-dagersheim.de\/?page_id=4963"},"modified":"2025-12-16T00:00:59","modified_gmt":"2025-12-15T23:00:59","slug":"ikf-pruefung-kobudo-und-bojutsu-12-12-2025","status":"publish","type":"page","link":"https:\/\/www.kampfsport-dagersheim.de\/?page_id=4963","title":{"rendered":"IKF Pr\u00fcfung Kobudo und Bojutsu, 12.12.2025"},"content":{"rendered":"\t\t<div data-elementor-type=\"wp-page\" data-elementor-id=\"4963\" class=\"elementor elementor-4963\">\n\t\t\t\t\t\t<section class=\"elementor-section elementor-top-section elementor-element elementor-element-3b2ed392 elementor-section-boxed elementor-section-height-default elementor-section-height-default\" data-id=\"3b2ed392\" data-element_type=\"section\" data-e-type=\"section\">\n\t\t\t\t\t\t<div class=\"elementor-container elementor-column-gap-default\">\n\t\t\t\t\t<div class=\"elementor-column elementor-col-100 elementor-top-column elementor-element elementor-element-4fe15dce\" data-id=\"4fe15dce\" data-element_type=\"column\" data-e-type=\"column\">\n\t\t\t<div class=\"elementor-widget-wrap elementor-element-populated\">\n\t\t\t\t\t\t<div class=\"elementor-element elementor-element-54411d70 elementor-widget elementor-widget-text-editor\" data-id=\"54411d70\" data-element_type=\"widget\" data-e-type=\"widget\" data-widget_type=\"text-editor.default\">\n\t\t\t\t<div class=\"elementor-widget-container\">\n\t\t\t\t\t\t\t\t\t<p><strong><img decoding=\"async\" class=\"size-medium wp-image-1418 alignright\" src=\"https:\/\/www.kampfsport-dagersheim.de\/wp-content\/uploads\/2020\/01\/newlogo2011-12CM-JuJitsu-IKF-150-133x300.jpg\" alt=\"\" width=\"133\" height=\"300\" srcset=\"https:\/\/www.kampfsport-dagersheim.de\/wp-content\/uploads\/2020\/01\/newlogo2011-12CM-JuJitsu-IKF-150-133x300.jpg 133w, https:\/\/www.kampfsport-dagersheim.de\/wp-content\/uploads\/2020\/01\/newlogo2011-12CM-JuJitsu-IKF-150.jpg 157w\" sizes=\"(max-width: 133px) 100vw, 133px\" \/>Erfolgreiche IKF Pr\u00fcfung im Kobukai Kobudo und Bojutsu<\/strong><\/p><p>Am Freitag, den 12. Dezember 2025, fand zum Jahresende eine G\u00fcrtelpr\u00fcfung im Kobukai Kobudo und im Bojutsu nach Pr\u00fcfungsordnung der Internationalen Kobudo Federation IKF statt. Das Kobukai Kobudo geh\u00f6rt zu den Waffensystemen, bei denen zur Verteidigung Stock-, Klingen- und Kombinationswaffen trainiert werden. Beim Bojutsu wird haupts\u00e4chlich der Hanbo, ein ca. 90 cm langer Stock bzw. ein gebogener Stock zur Verteidigung eingesetzt.<\/p><p>Zwei Kampfsportler unserer Abteilung traten hier zur Pr\u00fcfung f\u00fcr den n\u00e4chsten G\u00fcrtelgrad an. Nach der \u00dcberpr\u00fcfung der Grundtechniken und der Fallschule mussten beide Pr\u00fcflinge jeweils zwei Katas zeigen. Die Kata ist eine festgelegte Abfolge von Techniken. Danach mussten Verteidigungstechniken gegen eine Vielzahl von Distanz-, Kontakt- und Waffenangriffen mit Partner gezeigt werden. Dabei wurden auch einzelne Techniken aus den vorhergehenden Pr\u00fcfungsprogrammen gepr\u00fcft. Pr\u00fcfer und Trainer Shihan Matthias Weiss, 2. Dan Kobukai Kobudo und 2. Dan Bojutsu, war mit den Leistungen sehr zufrieden. Im Anschluss \u00fcberreichte er die Urkunden und neuen G\u00fcrtel.<\/p><p><strong>Den 4. Kyu im Kobukai Kobudo und den 4. Kyu im Bojutsu bestanden:<\/strong><br \/><strong><img decoding=\"async\" class=\"alignnone size-full wp-image-361\" src=\"https:\/\/www.kampfsport-dagersheim.de\/wp-content\/uploads\/2019\/12\/7Orange50.jpg\" alt=\"\" width=\"87\" height=\"35\" \/><\/strong><br \/><strong>L\u00e9on H\u00e4rtkorn<\/strong><br \/><strong>Markus M\u00fcller<\/strong><\/p><p><strong>Herzlichen Gl\u00fcckwunsch!<\/strong><\/p>\t\t\t\t\t\t\t\t<\/div>\n\t\t\t\t<\/div>\n\t\t\t\t\t<\/div>\n\t\t<\/div>\n\t\t\t\t\t<\/div>\n\t\t<\/section>\n\t\t\t\t<section class=\"elementor-section elementor-top-section elementor-element elementor-element-96ae3d2 elementor-section-boxed elementor-section-height-default elementor-section-height-default\" data-id=\"96ae3d2\" data-element_type=\"section\" data-e-type=\"section\">\n\t\t\t\t\t\t<div class=\"elementor-container elementor-column-gap-default\">\n\t\t\t\t\t<div class=\"elementor-column elementor-col-100 elementor-top-column elementor-element elementor-element-8987a5e\" data-id=\"8987a5e\" data-element_type=\"column\" data-e-type=\"column\">\n\t\t\t<div class=\"elementor-widget-wrap elementor-element-populated\">\n\t\t\t\t\t\t<div class=\"elementor-element elementor-element-67f21f0 elementor-widget__width-initial elementor-widget elementor-widget-image\" data-id=\"67f21f0\" data-element_type=\"widget\" data-e-type=\"widget\" data-widget_type=\"image.default\">\n\t\t\t\t<div class=\"elementor-widget-container\">\n\t\t\t\t\t\t\t\t\t\t\t\t\t\t\t\t<a href=\"https:\/\/www.kampfsport-dagersheim.de\/wp-content\/uploads\/2025\/12\/Gruppenbild-12122025-scaled.jpg\" data-elementor-open-lightbox=\"yes\" data-elementor-lightbox-title=\"Gruppenbild 12122025\" data-e-action-hash=\"#elementor-action%3Aaction%3Dlightbox%26settings%3DeyJpZCI6NDk2NiwidXJsIjoiaHR0cHM6XC9cL3d3dy5rYW1wZnNwb3J0LWRhZ2Vyc2hlaW0uZGVcL3dwLWNvbnRlbnRcL3VwbG9hZHNcLzIwMjVcLzEyXC9HcnVwcGVuYmlsZC0xMjEyMjAyNS1zY2FsZWQuanBnIn0%3D\">\n\t\t\t\t\t\t\t<img fetchpriority=\"high\" decoding=\"async\" width=\"740\" height=\"644\" src=\"https:\/\/www.kampfsport-dagersheim.de\/wp-content\/uploads\/2025\/12\/Gruppenbild-12122025-1024x891.jpg\" class=\"attachment-large size-large wp-image-4966\" alt=\"\" srcset=\"https:\/\/www.kampfsport-dagersheim.de\/wp-content\/uploads\/2025\/12\/Gruppenbild-12122025-1024x891.jpg 1024w, https:\/\/www.kampfsport-dagersheim.de\/wp-content\/uploads\/2025\/12\/Gruppenbild-12122025-300x261.jpg 300w, https:\/\/www.kampfsport-dagersheim.de\/wp-content\/uploads\/2025\/12\/Gruppenbild-12122025-768x668.jpg 768w, https:\/\/www.kampfsport-dagersheim.de\/wp-content\/uploads\/2025\/12\/Gruppenbild-12122025-1536x1337.jpg 1536w, https:\/\/www.kampfsport-dagersheim.de\/wp-content\/uploads\/2025\/12\/Gruppenbild-12122025-2048x1782.jpg 2048w\" sizes=\"100vw\" \/>\t\t\t\t\t\t\t\t<\/a>\n\t\t\t\t\t\t\t\t\t\t\t\t\t\t\t<\/div>\n\t\t\t\t<\/div>\n\t\t\t\t\t<\/div>\n\t\t<\/div>\n\t\t\t\t\t<\/div>\n\t\t<\/section>\n\t\t\t\t<\/div>\n\t\t","protected":false},"excerpt":{"rendered":"<p>Erfolgreiche IKF Pr\u00fcfung im Kobukai Kobudo und Bojutsu Am Freitag, den 12. Dezember 2025, fand zum Jahresende eine G\u00fcrtelpr\u00fcfung im Kobukai Kobudo und im Bojutsu nach Pr\u00fcfungsordnung der Internationalen Kobudo Federation IKF statt. Das Kobukai Kobudo geh\u00f6rt zu den Waffensystemen, bei denen zur Verteidigung Stock-, Klingen- und Kombinationswaffen trainiert werden. Beim Bojutsu wird haupts\u00e4chlich der &hellip; <\/p>\n<p class=\"link-more\"><a href=\"https:\/\/www.kampfsport-dagersheim.de\/?page_id=4963\" class=\"more-link\"><span class=\"screen-reader-text\">\u201eIKF Pr\u00fcfung Kobudo und Bojutsu, 12.12.2025\u201c <\/span>weiterlesen<\/a><\/p>\n","protected":false},"author":1,"featured_media":0,"parent":0,"menu_order":0,"comment_status":"closed","ping_status":"closed","template":"","meta":{"footnotes":""},"class_list":["post-4963","page","type-page","status-publish","hentry"],"_links":{"self":[{"href":"https:\/\/www.kampfsport-dagersheim.de\/index.php?rest_route=\/wp\/v2\/pages\/4963","targetHints":{"allow":["GET"]}}],"collection":[{"href":"https:\/\/www.kampfsport-dagersheim.de\/index.php?rest_route=\/wp\/v2\/pages"}],"about":[{"href":"https:\/\/www.kampfsport-dagersheim.de\/index.php?rest_route=\/wp\/v2\/types\/page"}],"author":[{"embeddable":true,"href":"https:\/\/www.kampfsport-dagersheim.de\/index.php?rest_route=\/wp\/v2\/users\/1"}],"replies":[{"embeddable":true,"href":"https:\/\/www.kampfsport-dagersheim.de\/index.php?rest_route=%2Fwp%2Fv2%2Fcomments&post=4963"}],"version-history":[{"count":5,"href":"https:\/\/www.kampfsport-dagersheim.de\/index.php?rest_route=\/wp\/v2\/pages\/4963\/revisions"}],"predecessor-version":[{"id":4970,"href":"https:\/\/www.kampfsport-dagersheim.de\/index.php?rest_route=\/wp\/v2\/pages\/4963\/revisions\/4970"}],"wp:attachment":[{"href":"https:\/\/www.kampfsport-dagersheim.de\/index.php?rest_route=%2Fwp%2Fv2%2Fmedia&parent=4963"}],"curies":[{"name":"wp","href":"https:\/\/api.w.org\/{rel}","templated":true}]}}