{"id":4073,"date":"2024-10-30T16:04:15","date_gmt":"2024-10-30T15:04:15","guid":{"rendered":"https:\/\/www.kampfsport-dagersheim.de\/?page_id=4073"},"modified":"2024-10-30T16:20:30","modified_gmt":"2024-10-30T15:20:30","slug":"ifak-lehrgang-12-10-2024-in-muenchen","status":"publish","type":"page","link":"https:\/\/www.kampfsport-dagersheim.de\/?page_id=4073","title":{"rendered":"IFAK Lehrgang 12.10.2024 in M\u00fcnchen"},"content":{"rendered":"\t\t<div data-elementor-type=\"wp-page\" data-elementor-id=\"4073\" class=\"elementor elementor-4073\">\n\t\t\t\t\t\t<section class=\"elementor-section elementor-top-section elementor-element elementor-element-2064929 elementor-section-boxed elementor-section-height-default elementor-section-height-default\" data-id=\"2064929\" data-element_type=\"section\" data-e-type=\"section\">\n\t\t\t\t\t\t<div class=\"elementor-container elementor-column-gap-default\">\n\t\t\t\t\t<div class=\"elementor-column elementor-col-100 elementor-top-column elementor-element elementor-element-4c662820\" data-id=\"4c662820\" data-element_type=\"column\" data-e-type=\"column\">\n\t\t\t<div class=\"elementor-widget-wrap elementor-element-populated\">\n\t\t\t\t\t\t<div class=\"elementor-element elementor-element-6f76acfc elementor-widget elementor-widget-text-editor\" data-id=\"6f76acfc\" data-element_type=\"widget\" data-e-type=\"widget\" data-widget_type=\"text-editor.default\">\n\t\t\t\t<div class=\"elementor-widget-container\">\n\t\t\t\t\t\t\t\t\t<p><strong><img decoding=\"async\" class=\"size-full wp-image-423 alignright\" src=\"https:\/\/www.kampfsport-dagersheim.de\/wp-content\/uploads\/2019\/12\/IFAK2018-200.jpg\" alt=\"\" width=\"200\" height=\"198\" srcset=\"https:\/\/www.kampfsport-dagersheim.de\/wp-content\/uploads\/2019\/12\/IFAK2018-200.jpg 200w, https:\/\/www.kampfsport-dagersheim.de\/wp-content\/uploads\/2019\/12\/IFAK2018-200-150x150.jpg 150w, https:\/\/www.kampfsport-dagersheim.de\/wp-content\/uploads\/2019\/12\/IFAK2018-200-100x100.jpg 100w\" sizes=\"(max-width: 200px) 100vw, 200px\" \/>IFAK Lehrgang Hanbo Jitsu und Ju Jitsu mit Soke Siegfried Lory<\/strong><\/p><p>Am Samstag, den 12. Oktober 2024 fand in M\u00fcnchen ein Kampfsportlehrgang mit Soke Siegfried Lory statt. Es ist der vorletzte Lehrgang mit ihm als Referent. Ein Grund mehr, dass der Lehrgang schon vorzeitig ausgebucht war. Soke Siegfried Lory 10. Dan ist Gr\u00fcnder und Pr\u00e4sident des IFAK und steht seit \u00fcber 60 Jahren als Referent im In- und Ausland auf der Matte. In dieser Zeit leitete er \u00fcber 700 Lehrg\u00e4nge.<\/p><p><img fetchpriority=\"high\" decoding=\"async\" class=\"size-medium wp-image-4080 alignleft\" src=\"https:\/\/www.kampfsport-dagersheim.de\/wp-content\/uploads\/2024\/10\/Sigi_01-Kopie-221x300.jpg\" alt=\"\" width=\"221\" height=\"300\" srcset=\"https:\/\/www.kampfsport-dagersheim.de\/wp-content\/uploads\/2024\/10\/Sigi_01-Kopie-221x300.jpg 221w, https:\/\/www.kampfsport-dagersheim.de\/wp-content\/uploads\/2024\/10\/Sigi_01-Kopie.jpg 576w\" sizes=\"(max-width: 221px) 100vw, 221px\" \/>Die Lehrgangsteilnehmer reisten nicht nur aus vielen deutschen Bundesl\u00e4ndern, sondern auch aus Ungarn und der Slowakei an. Im ersten Teil wurde Hanbo Jitsu, die Verteidigung mit dem Stock, trainiert. Hierbei zeigte Soke Siegfried Lory Verteidigungen gegen Kontakt-, Distanz- und Waffenangriffe. Im zweiten Teil stand mit Ju Jitsu die waffenlose Verteidigung auf dem Programm. Bei der Verteidigung in der Bodenlage wurde er durch Shihan Ilona Graf, Frauenbeauftragte des IFAK, unterst\u00fctzt. Bei den Hebeltechniken mit der Hebel-Kata wurde Hanshi Matthias Weiss, 1. Vorstand des IFAK, eingebunden. Soke Siegfried Lory zeigte dann Verteidigungen gegen Waffenangriffe.<\/p><p>Nach dem Lehrgang st\u00e4rkten sich die Lehrgangsteilnehmer in der nahegelegenen Gastst\u00e4tte Linde und lie\u00dfen den Tag gemeinsam ausklingen, bevor sich alle wieder auf den Heimweg machten. Am 16. November findet in Diespeck bei Holger Tanzberger der n\u00e4chste und letzte Lehrgang mit Soke Siegfried Lory statt. Auch hier sind wir gerne wieder mit dabei.<\/p>\t\t\t\t\t\t\t\t<\/div>\n\t\t\t\t<\/div>\n\t\t\t\t\t<\/div>\n\t\t<\/div>\n\t\t\t\t\t<\/div>\n\t\t<\/section>\n\t\t\t\t<section class=\"elementor-section elementor-top-section elementor-element elementor-element-ed44c82 elementor-section-boxed elementor-section-height-default elementor-section-height-default\" data-id=\"ed44c82\" data-element_type=\"section\" data-e-type=\"section\">\n\t\t\t\t\t\t<div class=\"elementor-container elementor-column-gap-default\">\n\t\t\t\t\t<div class=\"elementor-column elementor-col-100 elementor-top-column elementor-element elementor-element-a757244\" data-id=\"a757244\" data-element_type=\"column\" data-e-type=\"column\">\n\t\t\t<div class=\"elementor-widget-wrap\">\n\t\t\t\t\t\t\t<\/div>\n\t\t<\/div>\n\t\t\t\t\t<\/div>\n\t\t<\/section>\n\t\t\t\t<section class=\"elementor-section elementor-top-section elementor-element elementor-element-0e5fee4 elementor-section-boxed elementor-section-height-default elementor-section-height-default\" data-id=\"0e5fee4\" data-element_type=\"section\" data-e-type=\"section\">\n\t\t\t\t\t\t<div class=\"elementor-container elementor-column-gap-default\">\n\t\t\t\t\t<div class=\"elementor-column elementor-col-66 elementor-top-column elementor-element elementor-element-1112637\" data-id=\"1112637\" data-element_type=\"column\" data-e-type=\"column\">\n\t\t\t<div class=\"elementor-widget-wrap elementor-element-populated\">\n\t\t\t\t\t\t<div class=\"elementor-element elementor-element-a6ae043 elementor-widget elementor-widget-image\" data-id=\"a6ae043\" data-element_type=\"widget\" data-e-type=\"widget\" data-widget_type=\"image.default\">\n\t\t\t\t<div class=\"elementor-widget-container\">\n\t\t\t\t\t\t\t\t\t\t\t\t<figure class=\"wp-caption\">\n\t\t\t\t\t\t\t\t\t\t\t<a href=\"https:\/\/www.kampfsport-dagersheim.de\/wp-content\/uploads\/2024\/10\/Gruppenbild-scaled.jpg\" data-elementor-open-lightbox=\"yes\" data-elementor-lightbox-title=\"Gruppenbild\" data-e-action-hash=\"#elementor-action%3Aaction%3Dlightbox%26settings%3DeyJpZCI6NDA3OSwidXJsIjoiaHR0cHM6XC9cL3d3dy5rYW1wZnNwb3J0LWRhZ2Vyc2hlaW0uZGVcL3dwLWNvbnRlbnRcL3VwbG9hZHNcLzIwMjRcLzEwXC9HcnVwcGVuYmlsZC1zY2FsZWQuanBnIn0%3D\">\n\t\t\t\t\t\t\t<img decoding=\"async\" width=\"740\" height=\"364\" src=\"https:\/\/www.kampfsport-dagersheim.de\/wp-content\/uploads\/2024\/10\/Gruppenbild-1024x504.jpg\" class=\"attachment-large size-large wp-image-4079\" alt=\"\" srcset=\"https:\/\/www.kampfsport-dagersheim.de\/wp-content\/uploads\/2024\/10\/Gruppenbild-1024x504.jpg 1024w, https:\/\/www.kampfsport-dagersheim.de\/wp-content\/uploads\/2024\/10\/Gruppenbild-300x148.jpg 300w, https:\/\/www.kampfsport-dagersheim.de\/wp-content\/uploads\/2024\/10\/Gruppenbild-768x378.jpg 768w, https:\/\/www.kampfsport-dagersheim.de\/wp-content\/uploads\/2024\/10\/Gruppenbild-1536x756.jpg 1536w, https:\/\/www.kampfsport-dagersheim.de\/wp-content\/uploads\/2024\/10\/Gruppenbild-2048x1008.jpg 2048w\" sizes=\"100vw\" \/>\t\t\t\t\t\t\t\t<\/a>\n\t\t\t\t\t\t\t\t\t\t\t<figcaption class=\"widget-image-caption wp-caption-text\">IFAK Lehrgang Hanbo-Jitsu und Ju-Jitsu mit Soke Siegfried Lory in M\u00fcnchen, 12.10.2024<\/figcaption>\n\t\t\t\t\t\t\t\t\t\t<\/figure>\n\t\t\t\t\t\t\t\t\t<\/div>\n\t\t\t\t<\/div>\n\t\t\t\t\t<\/div>\n\t\t<\/div>\n\t\t\t\t<div class=\"elementor-column elementor-col-33 elementor-top-column elementor-element elementor-element-ffb1303\" data-id=\"ffb1303\" data-element_type=\"column\" data-e-type=\"column\">\n\t\t\t<div class=\"elementor-widget-wrap elementor-element-populated\">\n\t\t\t\t\t\t<div class=\"elementor-element elementor-element-102ef22 elementor-widget elementor-widget-image\" data-id=\"102ef22\" data-element_type=\"widget\" data-e-type=\"widget\" data-widget_type=\"image.default\">\n\t\t\t\t<div class=\"elementor-widget-container\">\n\t\t\t\t\t\t\t\t\t\t\t\t<figure class=\"wp-caption\">\n\t\t\t\t\t\t\t\t\t\t\t<a href=\"https:\/\/www.kampfsport-dagersheim.de\/wp-content\/uploads\/2024\/10\/Sigi-Matthias-Cedric-scaled.jpg\" data-elementor-open-lightbox=\"yes\" data-elementor-lightbox-title=\"Sigi-Matthias-Cedric\" data-e-action-hash=\"#elementor-action%3Aaction%3Dlightbox%26settings%3DeyJpZCI6NDA3OCwidXJsIjoiaHR0cHM6XC9cL3d3dy5rYW1wZnNwb3J0LWRhZ2Vyc2hlaW0uZGVcL3dwLWNvbnRlbnRcL3VwbG9hZHNcLzIwMjRcLzEwXC9TaWdpLU1hdHRoaWFzLUNlZHJpYy1zY2FsZWQuanBnIn0%3D\">\n\t\t\t\t\t\t\t<img loading=\"lazy\" decoding=\"async\" width=\"740\" height=\"778\" src=\"https:\/\/www.kampfsport-dagersheim.de\/wp-content\/uploads\/2024\/10\/Sigi-Matthias-Cedric-974x1024.jpg\" class=\"attachment-large size-large wp-image-4078\" alt=\"\" srcset=\"https:\/\/www.kampfsport-dagersheim.de\/wp-content\/uploads\/2024\/10\/Sigi-Matthias-Cedric-974x1024.jpg 974w, https:\/\/www.kampfsport-dagersheim.de\/wp-content\/uploads\/2024\/10\/Sigi-Matthias-Cedric-285x300.jpg 285w, https:\/\/www.kampfsport-dagersheim.de\/wp-content\/uploads\/2024\/10\/Sigi-Matthias-Cedric-768x807.jpg 768w, https:\/\/www.kampfsport-dagersheim.de\/wp-content\/uploads\/2024\/10\/Sigi-Matthias-Cedric-1462x1536.jpg 1462w, https:\/\/www.kampfsport-dagersheim.de\/wp-content\/uploads\/2024\/10\/Sigi-Matthias-Cedric-1949x2048.jpg 1949w\" sizes=\"100vw\" \/>\t\t\t\t\t\t\t\t<\/a>\n\t\t\t\t\t\t\t\t\t\t\t<figcaption class=\"widget-image-caption wp-caption-text\">Renshi Cedric Weiss - Soke Siegfried Lory - Hanshi Matthias Weiss<\/figcaption>\n\t\t\t\t\t\t\t\t\t\t<\/figure>\n\t\t\t\t\t\t\t\t\t<\/div>\n\t\t\t\t<\/div>\n\t\t\t\t\t<\/div>\n\t\t<\/div>\n\t\t\t\t\t<\/div>\n\t\t<\/section>\n\t\t\t\t<\/div>\n\t\t","protected":false},"excerpt":{"rendered":"<p>IFAK Lehrgang Hanbo Jitsu und Ju Jitsu mit Soke Siegfried Lory Am Samstag, den 12. Oktober 2024 fand in M\u00fcnchen ein Kampfsportlehrgang mit Soke Siegfried Lory statt. Es ist der vorletzte Lehrgang mit ihm als Referent. Ein Grund mehr, dass der Lehrgang schon vorzeitig ausgebucht war. Soke Siegfried Lory 10. Dan ist Gr\u00fcnder und Pr\u00e4sident &hellip; <\/p>\n<p class=\"link-more\"><a href=\"https:\/\/www.kampfsport-dagersheim.de\/?page_id=4073\" class=\"more-link\"><span class=\"screen-reader-text\">\u201eIFAK Lehrgang 12.10.2024 in M\u00fcnchen\u201c <\/span>weiterlesen<\/a><\/p>\n","protected":false},"author":1,"featured_media":0,"parent":0,"menu_order":0,"comment_status":"closed","ping_status":"closed","template":"","meta":{"footnotes":""},"class_list":["post-4073","page","type-page","status-publish","hentry"],"_links":{"self":[{"href":"https:\/\/www.kampfsport-dagersheim.de\/index.php?rest_route=\/wp\/v2\/pages\/4073","targetHints":{"allow":["GET"]}}],"collection":[{"href":"https:\/\/www.kampfsport-dagersheim.de\/index.php?rest_route=\/wp\/v2\/pages"}],"about":[{"href":"https:\/\/www.kampfsport-dagersheim.de\/index.php?rest_route=\/wp\/v2\/types\/page"}],"author":[{"embeddable":true,"href":"https:\/\/www.kampfsport-dagersheim.de\/index.php?rest_route=\/wp\/v2\/users\/1"}],"replies":[{"embeddable":true,"href":"https:\/\/www.kampfsport-dagersheim.de\/index.php?rest_route=%2Fwp%2Fv2%2Fcomments&post=4073"}],"version-history":[{"count":5,"href":"https:\/\/www.kampfsport-dagersheim.de\/index.php?rest_route=\/wp\/v2\/pages\/4073\/revisions"}],"predecessor-version":[{"id":4083,"href":"https:\/\/www.kampfsport-dagersheim.de\/index.php?rest_route=\/wp\/v2\/pages\/4073\/revisions\/4083"}],"wp:attachment":[{"href":"https:\/\/www.kampfsport-dagersheim.de\/index.php?rest_route=%2Fwp%2Fv2%2Fmedia&parent=4073"}],"curies":[{"name":"wp","href":"https:\/\/api.w.org\/{rel}","templated":true}]}}