{"id":3859,"date":"2024-07-08T21:53:40","date_gmt":"2024-07-08T19:53:40","guid":{"rendered":"https:\/\/www.kampfsport-dagersheim.de\/?page_id=3859"},"modified":"2024-07-08T22:18:19","modified_gmt":"2024-07-08T20:18:19","slug":"10-dan-goshin-jitsu-fuer-matthias-weiss","status":"publish","type":"page","link":"https:\/\/www.kampfsport-dagersheim.de\/?page_id=3859","title":{"rendered":"10. Dan Goshin Jitsu f\u00fcr Matthias Weiss"},"content":{"rendered":"\t\t<div data-elementor-type=\"wp-page\" data-elementor-id=\"3859\" class=\"elementor elementor-3859\">\n\t\t\t\t\t\t<section class=\"elementor-section elementor-top-section elementor-element elementor-element-20db107c elementor-section-boxed elementor-section-height-default elementor-section-height-default\" data-id=\"20db107c\" data-element_type=\"section\" data-e-type=\"section\">\n\t\t\t\t\t\t<div class=\"elementor-container elementor-column-gap-default\">\n\t\t\t\t\t<div class=\"elementor-column elementor-col-100 elementor-top-column elementor-element elementor-element-609e693d\" data-id=\"609e693d\" data-element_type=\"column\" data-e-type=\"column\">\n\t\t\t<div class=\"elementor-widget-wrap elementor-element-populated\">\n\t\t\t\t\t\t<div class=\"elementor-element elementor-element-7ea69545 elementor-widget elementor-widget-text-editor\" data-id=\"7ea69545\" data-element_type=\"widget\" data-e-type=\"widget\" data-widget_type=\"text-editor.default\">\n\t\t\t\t<div class=\"elementor-widget-container\">\n\t\t\t\t\t\t\t\t\t<p><strong><img decoding=\"async\" class=\"size-full wp-image-426 alignright\" src=\"https:\/\/www.kampfsport-dagersheim.de\/wp-content\/uploads\/2019\/12\/IFAK2018-200b.jpg\" alt=\"\" width=\"200\" height=\"198\" srcset=\"https:\/\/www.kampfsport-dagersheim.de\/wp-content\/uploads\/2019\/12\/IFAK2018-200b.jpg 200w, https:\/\/www.kampfsport-dagersheim.de\/wp-content\/uploads\/2019\/12\/IFAK2018-200b-150x150.jpg 150w, https:\/\/www.kampfsport-dagersheim.de\/wp-content\/uploads\/2019\/12\/IFAK2018-200b-100x100.jpg 100w\" sizes=\"(max-width: 200px) 100vw, 200px\" \/>H\u00f6chste Graduierung f\u00fcr Abteilungsleiter Matthias Weiss<br \/>\u00a0 \u00a0 \u00a0 \u00a0 \u00a0 \u00a0 \u00a0<img decoding=\"async\" class=\"wp-image-304 alignnone\" src=\"https:\/\/www.kampfsport-dagersheim.de\/wp-content\/uploads\/2019\/12\/0Rot.jpg\" alt=\"\" width=\"128\" height=\"51\" \/><br \/><\/strong><\/p><p>Im Juni war TSV Abteilungsleiter Matthias Weiss mit seinem Sohn Cedric als Referent f\u00fcr den Stockkampf Hanbo Jitsu beim Trainingslager des Internationalen Fachverbandes f\u00fcr asiatische Kampfsportarten IFAK in Gussenstadt eingeladen.<\/p><p>Der IFAK Pr\u00e4sident Soke Siegfried Lory \u00fcberraschte ihn bei dieser Veranstaltung mit einer besonderen Ehrung. Matthias Weiss wurde im Rahmen des Lehrgangs der 10. Dan im Goshin Jitsu verliehen. \u201eGoshin\u201c steht f\u00fcr Selbstverteidigung und \u201eJitsu\u201c steht f\u00fcr Kunst, somit frei \u00fcbersetzt f\u00fcr die Kunst der Selbstverteidigung. Das Goshin Jitsu umfasst sowohl die waffenlose Selbstverteidigung, wie auch die Verteidigung mit Waffen, wie beispielsweise dem Stock. Die Ehre, den 10. Dan zu tragen, wird nur wenigen auserw\u00e4hlten Meistern gew\u00e4hrt, die sich f\u00fcr den Budosport verdient gemacht haben.<\/p><p>Eine ganz besondere Auszeichnung f\u00fcr Matthias Weiss, der seit vielen Jahren beim TSV Dagersheim als Trainer und Abteilungsleiter Kampfsport aktiv ist. Als Referent wurde er schon mehrfach von anderen Vereinen und Schulen eingeladen und ist zudem 1. Vorstand im IFAK, sowie Landestrainer Hanbo Jitsu und Pr\u00fcfer im IFAK. Seit der Graduierung zum 9. Dan tr\u00e4gt er den Ehrentitel Hanshi. \u2018\u2019Han\u2019\u2019 steht f\u00fcr Modell bzw. Beispiel. Das \u2018\u2019Shi\u2019\u2019 im Hanshi steht f\u00fcr Krieger. Hanshi bezeichnet ein Vorbild f\u00fcr andere, also den Gro\u00dfmeister. Mit Leib und Seele setzt er sich f\u00fcr den Budosport ein und freut sich, sein Wissen weitergeben zu k\u00f6nnen. Dabei hat er aber nie aufgeh\u00f6rt, sich selbst in verschiedenen Kampfsportarten weiter zu entwickeln.<\/p><p>\u00a0<\/p>\t\t\t\t\t\t\t\t<\/div>\n\t\t\t\t<\/div>\n\t\t\t\t\t<\/div>\n\t\t<\/div>\n\t\t\t\t\t<\/div>\n\t\t<\/section>\n\t\t\t\t<section class=\"elementor-section elementor-top-section elementor-element elementor-element-6765f0c elementor-section-boxed elementor-section-height-default elementor-section-height-default\" data-id=\"6765f0c\" data-element_type=\"section\" data-e-type=\"section\">\n\t\t\t\t\t\t<div class=\"elementor-container elementor-column-gap-default\">\n\t\t\t\t\t<div class=\"elementor-column elementor-col-50 elementor-top-column elementor-element elementor-element-039bc02\" data-id=\"039bc02\" data-element_type=\"column\" data-e-type=\"column\">\n\t\t\t<div class=\"elementor-widget-wrap elementor-element-populated\">\n\t\t\t\t\t\t<div class=\"elementor-element elementor-element-6b481da elementor-widget elementor-widget-image\" data-id=\"6b481da\" data-element_type=\"widget\" data-e-type=\"widget\" data-widget_type=\"image.default\">\n\t\t\t\t<div class=\"elementor-widget-container\">\n\t\t\t\t\t\t\t\t\t\t\t\t<figure class=\"wp-caption\">\n\t\t\t\t\t\t\t\t\t\t\t<a href=\"https:\/\/www.kampfsport-dagersheim.de\/wp-content\/uploads\/2024\/07\/Urkundenuebergabe-02.jpg\" data-elementor-open-lightbox=\"yes\" data-elementor-lightbox-title=\"Urkundenuebergabe-02\" data-e-action-hash=\"#elementor-action%3Aaction%3Dlightbox%26settings%3DeyJpZCI6Mzg2NSwidXJsIjoiaHR0cHM6XC9cL3d3dy5rYW1wZnNwb3J0LWRhZ2Vyc2hlaW0uZGVcL3dwLWNvbnRlbnRcL3VwbG9hZHNcLzIwMjRcLzA3XC9Vcmt1bmRlbnVlYmVyZ2FiZS0wMi5qcGcifQ%3D%3D\">\n\t\t\t\t\t\t\t<img fetchpriority=\"high\" decoding=\"async\" width=\"740\" height=\"962\" src=\"https:\/\/www.kampfsport-dagersheim.de\/wp-content\/uploads\/2024\/07\/Urkundenuebergabe-02-788x1024.jpg\" class=\"attachment-large size-large wp-image-3865\" alt=\"\" srcset=\"https:\/\/www.kampfsport-dagersheim.de\/wp-content\/uploads\/2024\/07\/Urkundenuebergabe-02-788x1024.jpg 788w, https:\/\/www.kampfsport-dagersheim.de\/wp-content\/uploads\/2024\/07\/Urkundenuebergabe-02-231x300.jpg 231w, https:\/\/www.kampfsport-dagersheim.de\/wp-content\/uploads\/2024\/07\/Urkundenuebergabe-02-768x998.jpg 768w, https:\/\/www.kampfsport-dagersheim.de\/wp-content\/uploads\/2024\/07\/Urkundenuebergabe-02-1182x1536.jpg 1182w, https:\/\/www.kampfsport-dagersheim.de\/wp-content\/uploads\/2024\/07\/Urkundenuebergabe-02-1576x2048.jpg 1576w, https:\/\/www.kampfsport-dagersheim.de\/wp-content\/uploads\/2024\/07\/Urkundenuebergabe-02.jpg 1834w\" sizes=\"100vw\" \/>\t\t\t\t\t\t\t\t<\/a>\n\t\t\t\t\t\t\t\t\t\t\t<figcaption class=\"widget-image-caption wp-caption-text\">Hanshi Matthias Weiss 10. Dan und IFAK Pr\u00e4sident Soke Siegfried Lory 10. Dan<\/figcaption>\n\t\t\t\t\t\t\t\t\t\t<\/figure>\n\t\t\t\t\t\t\t\t\t<\/div>\n\t\t\t\t<\/div>\n\t\t\t\t\t<\/div>\n\t\t<\/div>\n\t\t\t\t<div class=\"elementor-column elementor-col-50 elementor-top-column elementor-element elementor-element-a4c248a\" data-id=\"a4c248a\" data-element_type=\"column\" data-e-type=\"column\">\n\t\t\t<div class=\"elementor-widget-wrap elementor-element-populated\">\n\t\t\t\t\t\t<div class=\"elementor-element elementor-element-b67484f elementor-widget elementor-widget-image\" data-id=\"b67484f\" data-element_type=\"widget\" data-e-type=\"widget\" data-widget_type=\"image.default\">\n\t\t\t\t<div class=\"elementor-widget-container\">\n\t\t\t\t\t\t\t\t\t\t\t\t\t\t\t\t<a href=\"https:\/\/www.kampfsport-dagersheim.de\/wp-content\/uploads\/2024\/07\/Urkunde10Dan-03.jpg\" data-elementor-open-lightbox=\"yes\" data-elementor-lightbox-title=\"Urkunde10Dan-03\" data-e-action-hash=\"#elementor-action%3Aaction%3Dlightbox%26settings%3DeyJpZCI6Mzg2NywidXJsIjoiaHR0cHM6XC9cL3d3dy5rYW1wZnNwb3J0LWRhZ2Vyc2hlaW0uZGVcL3dwLWNvbnRlbnRcL3VwbG9hZHNcLzIwMjRcLzA3XC9Vcmt1bmRlMTBEYW4tMDMuanBnIn0%3D\">\n\t\t\t\t\t\t\t<img loading=\"lazy\" decoding=\"async\" width=\"740\" height=\"524\" src=\"https:\/\/www.kampfsport-dagersheim.de\/wp-content\/uploads\/2024\/07\/Urkunde10Dan-03-1024x725.jpg\" class=\"attachment-large size-large wp-image-3867\" alt=\"\" srcset=\"https:\/\/www.kampfsport-dagersheim.de\/wp-content\/uploads\/2024\/07\/Urkunde10Dan-03-1024x725.jpg 1024w, https:\/\/www.kampfsport-dagersheim.de\/wp-content\/uploads\/2024\/07\/Urkunde10Dan-03-300x212.jpg 300w, https:\/\/www.kampfsport-dagersheim.de\/wp-content\/uploads\/2024\/07\/Urkunde10Dan-03-768x543.jpg 768w, https:\/\/www.kampfsport-dagersheim.de\/wp-content\/uploads\/2024\/07\/Urkunde10Dan-03-1536x1087.jpg 1536w, https:\/\/www.kampfsport-dagersheim.de\/wp-content\/uploads\/2024\/07\/Urkunde10Dan-03.jpg 1566w\" sizes=\"100vw\" \/>\t\t\t\t\t\t\t\t<\/a>\n\t\t\t\t\t\t\t\t\t\t\t\t\t\t\t<\/div>\n\t\t\t\t<\/div>\n\t\t\t\t\t<\/div>\n\t\t<\/div>\n\t\t\t\t\t<\/div>\n\t\t<\/section>\n\t\t\t\t<\/div>\n\t\t","protected":false},"excerpt":{"rendered":"<p>H\u00f6chste Graduierung f\u00fcr Abteilungsleiter Matthias Weiss\u00a0 \u00a0 \u00a0 \u00a0 \u00a0 \u00a0 \u00a0 Im Juni war TSV Abteilungsleiter Matthias Weiss mit seinem Sohn Cedric als Referent f\u00fcr den Stockkampf Hanbo Jitsu beim Trainingslager des Internationalen Fachverbandes f\u00fcr asiatische Kampfsportarten IFAK in Gussenstadt eingeladen. Der IFAK Pr\u00e4sident Soke Siegfried Lory \u00fcberraschte ihn bei dieser Veranstaltung mit einer &hellip; <\/p>\n<p class=\"link-more\"><a href=\"https:\/\/www.kampfsport-dagersheim.de\/?page_id=3859\" class=\"more-link\"><span class=\"screen-reader-text\">\u201e10. Dan Goshin Jitsu f\u00fcr Matthias Weiss\u201c <\/span>weiterlesen<\/a><\/p>\n","protected":false},"author":1,"featured_media":0,"parent":0,"menu_order":0,"comment_status":"closed","ping_status":"closed","template":"","meta":{"footnotes":""},"class_list":["post-3859","page","type-page","status-publish","hentry"],"_links":{"self":[{"href":"https:\/\/www.kampfsport-dagersheim.de\/index.php?rest_route=\/wp\/v2\/pages\/3859","targetHints":{"allow":["GET"]}}],"collection":[{"href":"https:\/\/www.kampfsport-dagersheim.de\/index.php?rest_route=\/wp\/v2\/pages"}],"about":[{"href":"https:\/\/www.kampfsport-dagersheim.de\/index.php?rest_route=\/wp\/v2\/types\/page"}],"author":[{"embeddable":true,"href":"https:\/\/www.kampfsport-dagersheim.de\/index.php?rest_route=\/wp\/v2\/users\/1"}],"replies":[{"embeddable":true,"href":"https:\/\/www.kampfsport-dagersheim.de\/index.php?rest_route=%2Fwp%2Fv2%2Fcomments&post=3859"}],"version-history":[{"count":8,"href":"https:\/\/www.kampfsport-dagersheim.de\/index.php?rest_route=\/wp\/v2\/pages\/3859\/revisions"}],"predecessor-version":[{"id":3876,"href":"https:\/\/www.kampfsport-dagersheim.de\/index.php?rest_route=\/wp\/v2\/pages\/3859\/revisions\/3876"}],"wp:attachment":[{"href":"https:\/\/www.kampfsport-dagersheim.de\/index.php?rest_route=%2Fwp%2Fv2%2Fmedia&parent=3859"}],"curies":[{"name":"wp","href":"https:\/\/api.w.org\/{rel}","templated":true}]}}