{"id":3730,"date":"2024-04-21T19:25:06","date_gmt":"2024-04-21T17:25:06","guid":{"rendered":"https:\/\/www.kampfsport-dagersheim.de\/?page_id=3730"},"modified":"2024-04-21T19:27:33","modified_gmt":"2024-04-21T17:27:33","slug":"mitgliederversammlung-2024","status":"publish","type":"page","link":"https:\/\/www.kampfsport-dagersheim.de\/?page_id=3730","title":{"rendered":"Mitgliederversammlung 2024"},"content":{"rendered":"\t\t<div data-elementor-type=\"wp-page\" data-elementor-id=\"3730\" class=\"elementor elementor-3730\">\n\t\t\t\t\t\t<section class=\"elementor-section elementor-top-section elementor-element elementor-element-7eebdd18 elementor-section-boxed elementor-section-height-default elementor-section-height-default\" data-id=\"7eebdd18\" data-element_type=\"section\" data-e-type=\"section\">\n\t\t\t\t\t\t<div class=\"elementor-container elementor-column-gap-default\">\n\t\t\t\t\t<div class=\"elementor-column elementor-col-100 elementor-top-column elementor-element elementor-element-64e2d134\" data-id=\"64e2d134\" data-element_type=\"column\" data-e-type=\"column\">\n\t\t\t<div class=\"elementor-widget-wrap elementor-element-populated\">\n\t\t\t\t\t\t<div class=\"elementor-element elementor-element-3760097c elementor-widget elementor-widget-text-editor\" data-id=\"3760097c\" data-element_type=\"widget\" data-e-type=\"widget\" data-widget_type=\"text-editor.default\">\n\t\t\t\t<div class=\"elementor-widget-container\">\n\t\t\t\t\t\t\t\t\t<p><a id=\"post-3730-Tabelle3\"><\/a><img decoding=\"async\" class=\" wp-image-149 alignright\" src=\"https:\/\/www.kampfsport-dagersheim.de\/wp-content\/uploads\/2019\/12\/newlogo2011-12CM-JuJitsu-500-300x300.jpg\" alt=\"\" width=\"212\" height=\"212\" srcset=\"https:\/\/www.kampfsport-dagersheim.de\/wp-content\/uploads\/2019\/12\/newlogo2011-12CM-JuJitsu-500-300x300.jpg 300w, https:\/\/www.kampfsport-dagersheim.de\/wp-content\/uploads\/2019\/12\/newlogo2011-12CM-JuJitsu-500-150x150.jpg 150w, https:\/\/www.kampfsport-dagersheim.de\/wp-content\/uploads\/2019\/12\/newlogo2011-12CM-JuJitsu-500-100x100.jpg 100w, https:\/\/www.kampfsport-dagersheim.de\/wp-content\/uploads\/2019\/12\/newlogo2011-12CM-JuJitsu-500.jpg 500w\" sizes=\"(max-width: 212px) 100vw, 212px\" \/><strong>Mitgliederversammlung 08.04.2024<\/strong><\/p><p>Am Montag, den 08.04.2024, fand unsere diesj\u00e4hrige Mitgliederversammlung statt. Dieses Jahr fand die Versammlung wieder virtuell \u00fcber Zoom statt. Die Entwicklung des Mitgliederstandes ist gegen\u00fcber dem Vorjahr insgesamt leicht r\u00fcckl\u00e4ufig. In Sachen Finanzen ist die Entwicklung stabil, wir konnten in 2023 unsere R\u00fccklagen weiter ausbauen.<\/p><p>Auch in 2023 konnte Abteilungsleiter Matthias Weiss bei seinem Bericht wieder auf viele Aktivit\u00e4ten und Ereignisse wie Lehrg\u00e4nge und G\u00fcrtelpr\u00fcfungen in der Abteilung zur\u00fcckgeblickt werden.<\/p><p>Bei den Wahlen wurden Matthias Weiss als Abteilungsleiter und Michael Klengel als Kassier f\u00fcr 2 Jahre wiedergew\u00e4hlt. Bei den Delegierten wurden Florian Erdemann und Cedric Weiss 2 weitere Jahre gew\u00e4hlt.<\/p><p>Hier die aktuellen Funktionen der Abteilung Kampfsport:<\/p><table><tbody><tr><td>Abteilungsleiter<\/td><td>Matthias Weiss<\/td><\/tr><tr><td>Stellvertr. Abteilungsleiter<\/td><td>Dieter Kustos<\/td><\/tr><tr><td>Kassier<\/td><td>Michael Klengel<\/td><\/tr><tr><td>Schriftf\u00fchrer<\/td><td>Jens H\u00e4cker<\/td><\/tr><tr><td>Kassenpr\u00fcfer<\/td><td>Sascha Klengel und Robert K\u00f6hler<\/td><\/tr><tr><td>Delegierte<\/td><td>Florian Erdemann, Tobias Scheible, Bernd Schmidt und Cedric Weiss<\/td><\/tr><tr><td>Ersatzdelegierte<\/td><td>Florian Klein<\/td><\/tr><\/tbody><\/table>\t\t\t\t\t\t\t\t<\/div>\n\t\t\t\t<\/div>\n\t\t\t\t\t<\/div>\n\t\t<\/div>\n\t\t\t\t\t<\/div>\n\t\t<\/section>\n\t\t\t\t<\/div>\n\t\t","protected":false},"excerpt":{"rendered":"<p>Mitgliederversammlung 08.04.2024 Am Montag, den 08.04.2024, fand unsere diesj\u00e4hrige Mitgliederversammlung statt. Dieses Jahr fand die Versammlung wieder virtuell \u00fcber Zoom statt. Die Entwicklung des Mitgliederstandes ist gegen\u00fcber dem Vorjahr insgesamt leicht r\u00fcckl\u00e4ufig. In Sachen Finanzen ist die Entwicklung stabil, wir konnten in 2023 unsere R\u00fccklagen weiter ausbauen. Auch in 2023 konnte Abteilungsleiter Matthias Weiss bei &hellip; <\/p>\n<p class=\"link-more\"><a href=\"https:\/\/www.kampfsport-dagersheim.de\/?page_id=3730\" class=\"more-link\"><span class=\"screen-reader-text\">\u201eMitgliederversammlung 2024\u201c <\/span>weiterlesen<\/a><\/p>\n","protected":false},"author":1,"featured_media":0,"parent":0,"menu_order":0,"comment_status":"closed","ping_status":"closed","template":"","meta":{"footnotes":""},"class_list":["post-3730","page","type-page","status-publish","hentry"],"_links":{"self":[{"href":"https:\/\/www.kampfsport-dagersheim.de\/index.php?rest_route=\/wp\/v2\/pages\/3730","targetHints":{"allow":["GET"]}}],"collection":[{"href":"https:\/\/www.kampfsport-dagersheim.de\/index.php?rest_route=\/wp\/v2\/pages"}],"about":[{"href":"https:\/\/www.kampfsport-dagersheim.de\/index.php?rest_route=\/wp\/v2\/types\/page"}],"author":[{"embeddable":true,"href":"https:\/\/www.kampfsport-dagersheim.de\/index.php?rest_route=\/wp\/v2\/users\/1"}],"replies":[{"embeddable":true,"href":"https:\/\/www.kampfsport-dagersheim.de\/index.php?rest_route=%2Fwp%2Fv2%2Fcomments&post=3730"}],"version-history":[{"count":5,"href":"https:\/\/www.kampfsport-dagersheim.de\/index.php?rest_route=\/wp\/v2\/pages\/3730\/revisions"}],"predecessor-version":[{"id":3735,"href":"https:\/\/www.kampfsport-dagersheim.de\/index.php?rest_route=\/wp\/v2\/pages\/3730\/revisions\/3735"}],"wp:attachment":[{"href":"https:\/\/www.kampfsport-dagersheim.de\/index.php?rest_route=%2Fwp%2Fv2%2Fmedia&parent=3730"}],"curies":[{"name":"wp","href":"https:\/\/api.w.org\/{rel}","templated":true}]}}