{"id":3613,"date":"2024-03-11T23:01:57","date_gmt":"2024-03-11T22:01:57","guid":{"rendered":"https:\/\/www.kampfsport-dagersheim.de\/?page_id=3613"},"modified":"2024-03-11T23:05:44","modified_gmt":"2024-03-11T22:05:44","slug":"ju-jutsu-techniklehrgang-des-ldk-e-v-maerz-2024","status":"publish","type":"page","link":"https:\/\/www.kampfsport-dagersheim.de\/?page_id=3613","title":{"rendered":"Ju Jutsu Techniklehrgang des LDK e.V., M\u00e4rz 2024"},"content":{"rendered":"\t\t<div data-elementor-type=\"wp-page\" data-elementor-id=\"3613\" class=\"elementor elementor-3613\">\n\t\t\t\t\t\t<section class=\"elementor-section elementor-top-section elementor-element elementor-element-46a62880 elementor-section-boxed elementor-section-height-default elementor-section-height-default\" data-id=\"46a62880\" data-element_type=\"section\" data-e-type=\"section\">\n\t\t\t\t\t\t<div class=\"elementor-container elementor-column-gap-default\">\n\t\t\t\t\t<div class=\"elementor-column elementor-col-100 elementor-top-column elementor-element elementor-element-5d435ebc\" data-id=\"5d435ebc\" data-element_type=\"column\" data-e-type=\"column\">\n\t\t\t<div class=\"elementor-widget-wrap elementor-element-populated\">\n\t\t\t\t\t\t<div class=\"elementor-element elementor-element-2bfec271 elementor-widget elementor-widget-text-editor\" data-id=\"2bfec271\" data-element_type=\"widget\" data-e-type=\"widget\" data-widget_type=\"text-editor.default\">\n\t\t\t\t<div class=\"elementor-widget-container\">\n\t\t\t\t\t\t\t\t\t<p><strong><img fetchpriority=\"high\" decoding=\"async\" class=\"size-medium wp-image-1456 alignright\" src=\"https:\/\/www.kampfsport-dagersheim.de\/wp-content\/uploads\/2020\/01\/LDK-300x297.jpg\" alt=\"\" width=\"300\" height=\"297\" srcset=\"https:\/\/www.kampfsport-dagersheim.de\/wp-content\/uploads\/2020\/01\/LDK-300x297.jpg 300w, https:\/\/www.kampfsport-dagersheim.de\/wp-content\/uploads\/2020\/01\/LDK-150x150.jpg 150w, https:\/\/www.kampfsport-dagersheim.de\/wp-content\/uploads\/2020\/01\/LDK-100x100.jpg 100w, https:\/\/www.kampfsport-dagersheim.de\/wp-content\/uploads\/2020\/01\/LDK.jpg 358w\" sizes=\"(max-width: 300px) 100vw, 300px\" \/>Ju Jutsu Technik Lehrgang des LDK e.V. in Stuttgart<\/strong><\/p><p>Am ersten M\u00e4rzwochenende 2024 fand in Stuttgart ein zweit\u00e4giger Ju Jutsu Lehrgang des Landes-Dan-Kollegium e.V. in Stuttgart statt. Referent Shihan Danimir Cerkez 8. Dan Ju Jutsu hatte wieder ein vielseitiges Trainingsprogramm zusammengestellt. An diesem Wochenende stand der Umgang mit verschiedenen Gegenst\u00e4nden auf dem Programm.<\/p><p>Bei den Trainingseinheiten wurde u.a. die Verteidigung gegen Angriffe mit einer Flasche trainiert und auch wie diese zur Verteidigung eingesetzt werden kann. Weiterhin wurde auch mit dem Kurzstock, dem Tambo, und dem ca. 90 cm langen Hanbo trainiert. Jeweils sowohl die Verteidigung gegen Stockangriffe wie auch die Verteidigung mit den verschiedenen Stockarten. Es war wieder ein kurzweiliges und lehrreiches Wochenende.<\/p><p>Auf die weiteren Lehrg\u00e4nge im laufenden Jahr werden wir bei unseren Lehrgangsausschreibungen gerne wieder hinweisen. Vielen Dank an Danimir f\u00fcr die gute Organisation und das, wie gewohnt vielseitige Programm. Es hat wie immer viel Spa\u00df gemacht und wir haben viel mitgenommen.<\/p><p>\u00a0<\/p>\t\t\t\t\t\t\t\t<\/div>\n\t\t\t\t<\/div>\n\t\t\t\t\t<\/div>\n\t\t<\/div>\n\t\t\t\t\t<\/div>\n\t\t<\/section>\n\t\t\t\t<section class=\"elementor-section elementor-top-section elementor-element elementor-element-6c4191b elementor-section-boxed elementor-section-height-default elementor-section-height-default\" data-id=\"6c4191b\" data-element_type=\"section\" data-e-type=\"section\">\n\t\t\t\t\t\t<div class=\"elementor-container elementor-column-gap-default\">\n\t\t\t\t\t<div class=\"elementor-column elementor-col-100 elementor-top-column elementor-element elementor-element-6c85332\" data-id=\"6c85332\" data-element_type=\"column\" data-e-type=\"column\">\n\t\t\t<div class=\"elementor-widget-wrap elementor-element-populated\">\n\t\t\t\t\t\t<div class=\"elementor-element elementor-element-78f67bd elementor-widget elementor-widget-image\" data-id=\"78f67bd\" data-element_type=\"widget\" data-e-type=\"widget\" data-widget_type=\"image.default\">\n\t\t\t\t<div class=\"elementor-widget-container\">\n\t\t\t\t\t\t\t\t\t\t\t\t\t\t\t\t<a href=\"https:\/\/www.kampfsport-dagersheim.de\/wp-content\/uploads\/2024\/03\/LDK-Lehrgang_02032024-scaled.jpg\" data-elementor-open-lightbox=\"yes\" data-elementor-lightbox-title=\"LDK-Lehrgang_02032024\" data-e-action-hash=\"#elementor-action%3Aaction%3Dlightbox%26settings%3DeyJpZCI6MzYxNiwidXJsIjoiaHR0cHM6XC9cL3d3dy5rYW1wZnNwb3J0LWRhZ2Vyc2hlaW0uZGVcL3dwLWNvbnRlbnRcL3VwbG9hZHNcLzIwMjRcLzAzXC9MREstTGVocmdhbmdfMDIwMzIwMjQtc2NhbGVkLmpwZyJ9\">\n\t\t\t\t\t\t\t<img decoding=\"async\" width=\"740\" height=\"449\" src=\"https:\/\/www.kampfsport-dagersheim.de\/wp-content\/uploads\/2024\/03\/LDK-Lehrgang_02032024-1024x622.jpg\" class=\"attachment-large size-large wp-image-3616\" alt=\"\" srcset=\"https:\/\/www.kampfsport-dagersheim.de\/wp-content\/uploads\/2024\/03\/LDK-Lehrgang_02032024-1024x622.jpg 1024w, https:\/\/www.kampfsport-dagersheim.de\/wp-content\/uploads\/2024\/03\/LDK-Lehrgang_02032024-300x182.jpg 300w, https:\/\/www.kampfsport-dagersheim.de\/wp-content\/uploads\/2024\/03\/LDK-Lehrgang_02032024-768x467.jpg 768w, https:\/\/www.kampfsport-dagersheim.de\/wp-content\/uploads\/2024\/03\/LDK-Lehrgang_02032024-1536x934.jpg 1536w, https:\/\/www.kampfsport-dagersheim.de\/wp-content\/uploads\/2024\/03\/LDK-Lehrgang_02032024-2048x1245.jpg 2048w\" sizes=\"100vw\" \/>\t\t\t\t\t\t\t\t<\/a>\n\t\t\t\t\t\t\t\t\t\t\t\t\t\t\t<\/div>\n\t\t\t\t<\/div>\n\t\t\t\t\t<\/div>\n\t\t<\/div>\n\t\t\t\t\t<\/div>\n\t\t<\/section>\n\t\t\t\t<\/div>\n\t\t","protected":false},"excerpt":{"rendered":"<p>Ju Jutsu Technik Lehrgang des LDK e.V. in Stuttgart Am ersten M\u00e4rzwochenende 2024 fand in Stuttgart ein zweit\u00e4giger Ju Jutsu Lehrgang des Landes-Dan-Kollegium e.V. in Stuttgart statt. Referent Shihan Danimir Cerkez 8. Dan Ju Jutsu hatte wieder ein vielseitiges Trainingsprogramm zusammengestellt. An diesem Wochenende stand der Umgang mit verschiedenen Gegenst\u00e4nden auf dem Programm. Bei den &hellip; <\/p>\n<p class=\"link-more\"><a href=\"https:\/\/www.kampfsport-dagersheim.de\/?page_id=3613\" class=\"more-link\"><span class=\"screen-reader-text\">\u201eJu Jutsu Techniklehrgang des LDK e.V., M\u00e4rz 2024\u201c <\/span>weiterlesen<\/a><\/p>\n","protected":false},"author":1,"featured_media":0,"parent":0,"menu_order":0,"comment_status":"closed","ping_status":"closed","template":"","meta":{"footnotes":""},"class_list":["post-3613","page","type-page","status-publish","hentry"],"_links":{"self":[{"href":"https:\/\/www.kampfsport-dagersheim.de\/index.php?rest_route=\/wp\/v2\/pages\/3613","targetHints":{"allow":["GET"]}}],"collection":[{"href":"https:\/\/www.kampfsport-dagersheim.de\/index.php?rest_route=\/wp\/v2\/pages"}],"about":[{"href":"https:\/\/www.kampfsport-dagersheim.de\/index.php?rest_route=\/wp\/v2\/types\/page"}],"author":[{"embeddable":true,"href":"https:\/\/www.kampfsport-dagersheim.de\/index.php?rest_route=\/wp\/v2\/users\/1"}],"replies":[{"embeddable":true,"href":"https:\/\/www.kampfsport-dagersheim.de\/index.php?rest_route=%2Fwp%2Fv2%2Fcomments&post=3613"}],"version-history":[{"count":5,"href":"https:\/\/www.kampfsport-dagersheim.de\/index.php?rest_route=\/wp\/v2\/pages\/3613\/revisions"}],"predecessor-version":[{"id":3620,"href":"https:\/\/www.kampfsport-dagersheim.de\/index.php?rest_route=\/wp\/v2\/pages\/3613\/revisions\/3620"}],"wp:attachment":[{"href":"https:\/\/www.kampfsport-dagersheim.de\/index.php?rest_route=%2Fwp%2Fv2%2Fmedia&parent=3613"}],"curies":[{"name":"wp","href":"https:\/\/api.w.org\/{rel}","templated":true}]}}