{"id":3583,"date":"2024-03-11T21:39:48","date_gmt":"2024-03-11T20:39:48","guid":{"rendered":"https:\/\/www.kampfsport-dagersheim.de\/?page_id=3583"},"modified":"2024-03-11T21:48:46","modified_gmt":"2024-03-11T20:48:46","slug":"neue-graduierungen-im-ju-jitsu-maerz-2024","status":"publish","type":"page","link":"https:\/\/www.kampfsport-dagersheim.de\/?page_id=3583","title":{"rendered":"Neue Graduierungen im Ju Jitsu, M\u00e4rz 2024"},"content":{"rendered":"\t\t<div data-elementor-type=\"wp-page\" data-elementor-id=\"3583\" class=\"elementor elementor-3583\">\n\t\t\t\t\t\t<section class=\"elementor-section elementor-top-section elementor-element elementor-element-43d0d6ae elementor-section-boxed elementor-section-height-default elementor-section-height-default\" data-id=\"43d0d6ae\" data-element_type=\"section\" data-e-type=\"section\">\n\t\t\t\t\t\t<div class=\"elementor-container elementor-column-gap-default\">\n\t\t\t\t\t<div class=\"elementor-column elementor-col-100 elementor-top-column elementor-element elementor-element-357979ab\" data-id=\"357979ab\" data-element_type=\"column\" data-e-type=\"column\">\n\t\t\t<div class=\"elementor-widget-wrap elementor-element-populated\">\n\t\t\t\t\t\t<div class=\"elementor-element elementor-element-404e8997 elementor-widget elementor-widget-text-editor\" data-id=\"404e8997\" data-element_type=\"widget\" data-e-type=\"widget\" data-widget_type=\"text-editor.default\">\n\t\t\t\t<div class=\"elementor-widget-container\">\n\t\t\t\t\t\t\t\t\t<p><strong><img decoding=\"async\" class=\"size-medium wp-image-3254 alignright\" src=\"https:\/\/www.kampfsport-dagersheim.de\/wp-content\/uploads\/2023\/08\/newlogo2011-12CM-JuJitsu-IFAK-150-157x300.jpg\" alt=\"\" width=\"157\" height=\"300\" srcset=\"https:\/\/www.kampfsport-dagersheim.de\/wp-content\/uploads\/2023\/08\/newlogo2011-12CM-JuJitsu-IFAK-150-157x300.jpg 157w, https:\/\/www.kampfsport-dagersheim.de\/wp-content\/uploads\/2023\/08\/newlogo2011-12CM-JuJitsu-IFAK-150.jpg 159w\" sizes=\"(max-width: 157px) 100vw, 157px\" \/>Neue Graduierungen im Ju Jitsu bei der Kampfsportabteilung<\/strong><\/p><p>Am Samstag, den 09.03.2024, fand bei der Kampfsportabteilung des TSV Dagersheim eine G\u00fcrtelpr\u00fcfung im Ju Jitsu statt. Insgesamt stellten sich f\u00fcnf Teilnehmer der Pr\u00fcfung zum n\u00e4chsten G\u00fcrtelgrad. Die Pr\u00fcflinge waren auf ihre Aufgabe bestens vorbereitet. Zwei Teilnehmer stellten sich der Pr\u00fcfung zum Braungurt, der letzten Sch\u00fclerpr\u00fcfung vor der Meisterpr\u00fcfung zum schwarzen G\u00fcrtel.<\/p><p>Ju Jitsu ist die waffenlose Selbstverteidigung, bei der sowohl Block-, Tritt- und Schlagtechniken wie auch Hebeltechniken und W\u00fcrfe zum Einsatz kommen. Weiterhin m\u00fcssen die Teilnehmer verschiedene Festlege- und Transporttechniken beherrschen. Die Techniken werden bei der Pr\u00fcfung zuerst einzeln, in der sogenannten Grundschule demonstriert. Danach mit Partner in der Anwendung gegen eine Vielzahl unterschiedlicher Angriffssituationen.<\/p><p>Alle Pr\u00fcflinge haben mit ihren gezeigten Leistungen \u00fcberzeugt und durften im Anschluss die Urkunden und G\u00fcrtel zur neuen Graduierung von den Pr\u00fcfern Hanshi Matthias Weiss 9. Dan und Renshi Cedric Weiss 4. Dan entgegennehmen.<\/p><p><strong>Herzlichen Gl\u00fcckwunsch.<\/strong><\/p><p><img fetchpriority=\"high\" decoding=\"async\" class=\"wp-image-3586 alignright\" src=\"https:\/\/www.kampfsport-dagersheim.de\/wp-content\/uploads\/2024\/03\/word-image-3583-2.jpeg\" width=\"600\" height=\"353\" srcset=\"https:\/\/www.kampfsport-dagersheim.de\/wp-content\/uploads\/2024\/03\/word-image-3583-2.jpeg 1386w, https:\/\/www.kampfsport-dagersheim.de\/wp-content\/uploads\/2024\/03\/word-image-3583-2-300x176.jpeg 300w, https:\/\/www.kampfsport-dagersheim.de\/wp-content\/uploads\/2024\/03\/word-image-3583-2-1024x602.jpeg 1024w, https:\/\/www.kampfsport-dagersheim.de\/wp-content\/uploads\/2024\/03\/word-image-3583-2-768x452.jpeg 768w\" sizes=\"(max-width: 600px) 100vw, 600px\" \/><\/p><p>Die Pr\u00fcfung zum 5. Kyu (Gelbgurt) bestand:<br \/><img decoding=\"async\" class=\"alignnone size-full wp-image-363\" src=\"https:\/\/www.kampfsport-dagersheim.de\/wp-content\/uploads\/2019\/12\/8Gelb50.jpg\" alt=\"\" width=\"87\" height=\"35\" \/><br \/><strong>Lia Clemen<\/strong><\/p><p>Die Pr\u00fcfung zum 4. Kyu (Orangegurt) bestanden:<br \/><img loading=\"lazy\" decoding=\"async\" class=\"alignnone size-full wp-image-361\" src=\"https:\/\/www.kampfsport-dagersheim.de\/wp-content\/uploads\/2019\/12\/7Orange50.jpg\" alt=\"\" width=\"87\" height=\"35\" \/><br \/><strong>Pia Laier und Daniele Trumino <\/strong><\/p><p>Die Pr\u00fcfung zum 1. Kyu (Braungurt) bestanden:<br \/><img loading=\"lazy\" decoding=\"async\" class=\"alignnone size-full wp-image-355\" src=\"https:\/\/www.kampfsport-dagersheim.de\/wp-content\/uploads\/2019\/12\/2Braun50.jpg\" alt=\"\" width=\"87\" height=\"35\" \/><br \/><strong>Fabian Epple und L\u00e9on H\u00e4rtkorn<\/strong><\/p><p>\u00a0<\/p><p>\u00a0<\/p><p>\u00a0<\/p>\t\t\t\t\t\t\t\t<\/div>\n\t\t\t\t<\/div>\n\t\t\t\t\t<\/div>\n\t\t<\/div>\n\t\t\t\t\t<\/div>\n\t\t<\/section>\n\t\t\t\t<section class=\"elementor-section elementor-top-section elementor-element elementor-element-2049606 elementor-section-boxed elementor-section-height-default elementor-section-height-default\" data-id=\"2049606\" data-element_type=\"section\" data-e-type=\"section\">\n\t\t\t\t\t\t<div class=\"elementor-container elementor-column-gap-default\">\n\t\t\t\t\t<div class=\"elementor-column elementor-col-100 elementor-top-column elementor-element elementor-element-af03c99\" data-id=\"af03c99\" data-element_type=\"column\" data-e-type=\"column\">\n\t\t\t<div class=\"elementor-widget-wrap elementor-element-populated\">\n\t\t\t\t\t\t<div class=\"elementor-element elementor-element-50f5cbe elementor-widget elementor-widget-image\" data-id=\"50f5cbe\" data-element_type=\"widget\" data-e-type=\"widget\" data-widget_type=\"image.default\">\n\t\t\t\t<div class=\"elementor-widget-container\">\n\t\t\t\t\t\t\t\t\t\t\t\t\t\t\t\t<a href=\"https:\/\/www.kampfsport-dagersheim.de\/wp-content\/uploads\/2024\/03\/Prueflinge-1.jpg\" data-elementor-open-lightbox=\"yes\" data-elementor-lightbox-title=\"Prueflinge-1\" data-e-action-hash=\"#elementor-action%3Aaction%3Dlightbox%26settings%3DeyJpZCI6MzU4OSwidXJsIjoiaHR0cHM6XC9cL3d3dy5rYW1wZnNwb3J0LWRhZ2Vyc2hlaW0uZGVcL3dwLWNvbnRlbnRcL3VwbG9hZHNcLzIwMjRcLzAzXC9QcnVlZmxpbmdlLTEuanBnIn0%3D\">\n\t\t\t\t\t\t\t<img loading=\"lazy\" decoding=\"async\" width=\"740\" height=\"607\" src=\"https:\/\/www.kampfsport-dagersheim.de\/wp-content\/uploads\/2024\/03\/Prueflinge-1-1024x840.jpg\" class=\"attachment-large size-large wp-image-3589\" alt=\"\" srcset=\"https:\/\/www.kampfsport-dagersheim.de\/wp-content\/uploads\/2024\/03\/Prueflinge-1-1024x840.jpg 1024w, https:\/\/www.kampfsport-dagersheim.de\/wp-content\/uploads\/2024\/03\/Prueflinge-1-300x246.jpg 300w, https:\/\/www.kampfsport-dagersheim.de\/wp-content\/uploads\/2024\/03\/Prueflinge-1-768x630.jpg 768w, https:\/\/www.kampfsport-dagersheim.de\/wp-content\/uploads\/2024\/03\/Prueflinge-1-1536x1261.jpg 1536w, https:\/\/www.kampfsport-dagersheim.de\/wp-content\/uploads\/2024\/03\/Prueflinge-1.jpg 2041w\" sizes=\"100vw\" \/>\t\t\t\t\t\t\t\t<\/a>\n\t\t\t\t\t\t\t\t\t\t\t\t\t\t\t<\/div>\n\t\t\t\t<\/div>\n\t\t\t\t\t<\/div>\n\t\t<\/div>\n\t\t\t\t\t<\/div>\n\t\t<\/section>\n\t\t\t\t<\/div>\n\t\t","protected":false},"excerpt":{"rendered":"<p>Neue Graduierungen im Ju Jitsu bei der Kampfsportabteilung Am Samstag, den 09.03.2024, fand bei der Kampfsportabteilung des TSV Dagersheim eine G\u00fcrtelpr\u00fcfung im Ju Jitsu statt. Insgesamt stellten sich f\u00fcnf Teilnehmer der Pr\u00fcfung zum n\u00e4chsten G\u00fcrtelgrad. Die Pr\u00fcflinge waren auf ihre Aufgabe bestens vorbereitet. Zwei Teilnehmer stellten sich der Pr\u00fcfung zum Braungurt, der letzten Sch\u00fclerpr\u00fcfung vor &hellip; <\/p>\n<p class=\"link-more\"><a href=\"https:\/\/www.kampfsport-dagersheim.de\/?page_id=3583\" class=\"more-link\"><span class=\"screen-reader-text\">\u201eNeue Graduierungen im Ju Jitsu, M\u00e4rz 2024\u201c <\/span>weiterlesen<\/a><\/p>\n","protected":false},"author":1,"featured_media":0,"parent":0,"menu_order":0,"comment_status":"closed","ping_status":"closed","template":"","meta":{"footnotes":""},"class_list":["post-3583","page","type-page","status-publish","hentry"],"_links":{"self":[{"href":"https:\/\/www.kampfsport-dagersheim.de\/index.php?rest_route=\/wp\/v2\/pages\/3583","targetHints":{"allow":["GET"]}}],"collection":[{"href":"https:\/\/www.kampfsport-dagersheim.de\/index.php?rest_route=\/wp\/v2\/pages"}],"about":[{"href":"https:\/\/www.kampfsport-dagersheim.de\/index.php?rest_route=\/wp\/v2\/types\/page"}],"author":[{"embeddable":true,"href":"https:\/\/www.kampfsport-dagersheim.de\/index.php?rest_route=\/wp\/v2\/users\/1"}],"replies":[{"embeddable":true,"href":"https:\/\/www.kampfsport-dagersheim.de\/index.php?rest_route=%2Fwp%2Fv2%2Fcomments&post=3583"}],"version-history":[{"count":5,"href":"https:\/\/www.kampfsport-dagersheim.de\/index.php?rest_route=\/wp\/v2\/pages\/3583\/revisions"}],"predecessor-version":[{"id":3593,"href":"https:\/\/www.kampfsport-dagersheim.de\/index.php?rest_route=\/wp\/v2\/pages\/3583\/revisions\/3593"}],"wp:attachment":[{"href":"https:\/\/www.kampfsport-dagersheim.de\/index.php?rest_route=%2Fwp%2Fv2%2Fmedia&parent=3583"}],"curies":[{"name":"wp","href":"https:\/\/api.w.org\/{rel}","templated":true}]}}