{"id":3530,"date":"2024-02-05T22:46:10","date_gmt":"2024-02-05T21:46:10","guid":{"rendered":"https:\/\/www.kampfsport-dagersheim.de\/?page_id=3530"},"modified":"2024-02-05T23:22:38","modified_gmt":"2024-02-05T22:22:38","slug":"ifak-kampfsportlehrgang-und-dan-pruefungen","status":"publish","type":"page","link":"https:\/\/www.kampfsport-dagersheim.de\/?page_id=3530","title":{"rendered":"IFAK Kampfsportlehrgang und DAN-Pr\u00fcfungen"},"content":{"rendered":"\t\t<div data-elementor-type=\"wp-page\" data-elementor-id=\"3530\" class=\"elementor elementor-3530\">\n\t\t\t\t\t\t<section class=\"elementor-section elementor-top-section elementor-element elementor-element-2e3034f2 elementor-section-boxed elementor-section-height-default elementor-section-height-default\" data-id=\"2e3034f2\" data-element_type=\"section\" data-e-type=\"section\">\n\t\t\t\t\t\t<div class=\"elementor-container elementor-column-gap-default\">\n\t\t\t\t\t<div class=\"elementor-column elementor-col-100 elementor-top-column elementor-element elementor-element-cde5bca\" data-id=\"cde5bca\" data-element_type=\"column\" data-e-type=\"column\">\n\t\t\t<div class=\"elementor-widget-wrap elementor-element-populated\">\n\t\t\t\t\t\t<div class=\"elementor-element elementor-element-6d95ab2c elementor-widget elementor-widget-text-editor\" data-id=\"6d95ab2c\" data-element_type=\"widget\" data-e-type=\"widget\" data-widget_type=\"text-editor.default\">\n\t\t\t\t<div class=\"elementor-widget-container\">\n\t\t\t\t\t\t\t\t\t<p><strong><br \/><img decoding=\"async\" class=\"alignleft\" src=\"https:\/\/www.kampfsport-dagersheim.de\/wp-content\/uploads\/2023\/12\/IFAK-01-400-2018-schwarzgurt-300x300.jpg\" alt=\"\" width=\"80\" height=\"80\" \/><img decoding=\"async\" class=\"size-full wp-image-426 alignright\" src=\"https:\/\/www.kampfsport-dagersheim.de\/wp-content\/uploads\/2019\/12\/IFAK2018-200b.jpg\" alt=\"\" width=\"200\" height=\"198\" srcset=\"https:\/\/www.kampfsport-dagersheim.de\/wp-content\/uploads\/2019\/12\/IFAK2018-200b.jpg 200w, https:\/\/www.kampfsport-dagersheim.de\/wp-content\/uploads\/2019\/12\/IFAK2018-200b-150x150.jpg 150w, https:\/\/www.kampfsport-dagersheim.de\/wp-content\/uploads\/2019\/12\/IFAK2018-200b-100x100.jpg 100w\" sizes=\"(max-width: 200px) 100vw, 200px\" \/>Gro\u00dfe Schwarzgurtpr\u00fcfung bei der Kampfsportabteilung des TSV Dagersheim\u00a0 \u00a0<\/strong><\/p><p>Am Samstag, den 03.02.2024, fand bei der Kampfsportabteilung des TSV Dagersheim eine gro\u00dfe Schwarzgurtpr\u00fcfung des Internationalen Fachverbandes f\u00fcr asiatische Kampfsportarten IFAK im Ju Jistu und Hanbo Jitsu statt. Die Pr\u00fcfungskommission leitete der IFAK Pr\u00e4sident, Soke Siegfried Lory 10. Dan. Weitere Pr\u00fcfer waren Hanshi Hans D\u00f6ring 10. Dan, Shihan Johannes Feiler 8. Dan, Shihan Robert Planer 8. Dan und Renshi Harry Loth 4. Dan. Dieses Ereignis war nicht nur f\u00fcr die Pr\u00fcflinge, sondern auch f\u00fcr Abteilungsleiter und Trainer Hanshi Matthias Weiss 9. Dan eine gro\u00dfe Besonderheit. Eine solche Anzahl an Sch\u00fclern, die gemeinsam an einer Schwarzgurtpr\u00fcfung teilnehmen, ist schon sehr beeindruckend. In der einj\u00e4hrigen Vorbereitung der Pr\u00fcflinge wurde er von seinem Sohn Cedric Weiss tatkr\u00e4ftig unterst\u00fctzt.<\/p><p><img fetchpriority=\"high\" decoding=\"async\" class=\" wp-image-3536 alignleft\" src=\"https:\/\/www.kampfsport-dagersheim.de\/wp-content\/uploads\/2024\/02\/20240203_130511-Aufstellung-300x169.jpg\" alt=\"\" width=\"387\" height=\"218\" srcset=\"https:\/\/www.kampfsport-dagersheim.de\/wp-content\/uploads\/2024\/02\/20240203_130511-Aufstellung-300x169.jpg 300w, https:\/\/www.kampfsport-dagersheim.de\/wp-content\/uploads\/2024\/02\/20240203_130511-Aufstellung-1024x576.jpg 1024w, https:\/\/www.kampfsport-dagersheim.de\/wp-content\/uploads\/2024\/02\/20240203_130511-Aufstellung-768x432.jpg 768w, https:\/\/www.kampfsport-dagersheim.de\/wp-content\/uploads\/2024\/02\/20240203_130511-Aufstellung-1536x864.jpg 1536w, https:\/\/www.kampfsport-dagersheim.de\/wp-content\/uploads\/2024\/02\/20240203_130511-Aufstellung-2048x1152.jpg 2048w\" sizes=\"(max-width: 387px) 100vw, 387px\" \/>Vor der Pr\u00fcfung fand ein 90-min\u00fctiger Ju Jitsu Lehrgang mit IFAK Pr\u00e4sident Soke Siegfried Lory statt. Hier hatten auch Teilnehmer aus anderen Schulen in Baden-W\u00fcrttemberg, Bayern und Nordrhein-Westfalen die Gelegenheit, an dieser Trainingseinheit teilzunehmen und sich die Schwarzgurtpr\u00fcfungen anzuschauen.<\/p><p>Nach der Trainingseinheit fanden die Pr\u00fcfungen vom 1. Bis 4. Dan statt. Neben den 13 Pr\u00fcflingen aus Dagersheim nahmen auch zwei Pr\u00fcflinge aus M\u00fcnchen und ein Pr\u00fcfling aus Marktleuthen teil. Die Pr\u00fcfung startete mit Hanbo Jistu, der Verteidigung mit Stock oder stock\u00e4hnlichen Gegenst\u00e4nden. Hier trat Cedric Weiss zu seiner Pr\u00fcfung zum 4. Dan an. Demonstriert wurden drei verschiedene Kata\u2018s und ein umfangreiches Programm mit der Verteidigung mit dem Kurzstock, der Tonfa und dem k\u00fcrzesten Stock, dem Kashino Bo. Die Pr\u00fcfungskommission lobte die gezeigten Techniken und das gut ausgearbeitete Programm.<\/p><p>Danach starteten die Pr\u00fcfungen im Ju Jitsu, der waffenlosen Selbstverteidigung. Zum Beginn wurden die Fallschule und zwei Hebelkata\u00b4s gepr\u00fcft. Hierbei mussten verschiedene Hebel- und Transporttechniken nach festgelegter Reihenfolge demonstriert werden. Im Hauptteil wurde den Pr\u00fcflingen ihr breites Repertoire an Selbstverteidigungs-, Hebel-, Wurf- und Festlegetechniken gegen bewaffnete und unbewaffnete Angriffe abverlangt. Danach wurden die Wurf- und Festlegetechniken nochmal separat gepr\u00fcft. Der Pr\u00fcfungsabschluss bestand aus einem m\u00fcndlichen Theorieteil. Die Pr\u00fcfungskommission best\u00e4tigte den Teilnehmern eine sehr gute Pr\u00fcfungsleistung und gratulierte zu den erfolgreich bestandenen Pr\u00fcfungen.<\/p><p>Die Pr\u00fcfung zum 1. Dan im Ju Jitsu bestanden:<br \/><img loading=\"lazy\" decoding=\"async\" src=\"https:\/\/www.kampfsport-dagersheim.de\/wp-content\/uploads\/2019\/12\/0Schwarz50.jpg\" alt=\"\" width=\"87\" height=\"35\" \/><br \/><strong>David Bla\u017einovi\u0107, Sophie Ebersohn, Florian Klein, Paulina Maier, Markus M\u00fcller, Julius Schwarz, Fynn Straub und Tim Strommer<\/strong><\/p><p>Die Pr\u00fcfung zum 2. Dan Ju Jistu bestanden:<br \/><img loading=\"lazy\" decoding=\"async\" src=\"https:\/\/www.kampfsport-dagersheim.de\/wp-content\/uploads\/2019\/12\/0Schwarz-2-50.jpg\" alt=\"\" width=\"87\" height=\"35\" \/><br \/><strong>Michael Erdemann, Etienne Pudell und Peter von Zameck<\/strong><\/p><p><span style=\"color: var( --e-global-color-text ); font-family: var( --e-global-typography-text-font-family ), Sans-serif; font-weight: var( --e-global-typography-text-font-weight ); font-size: 1rem;\">Die Pr\u00fcfung zum 3. Dan Ju Jitsu bestand:<br \/><\/span><img loading=\"lazy\" decoding=\"async\" class=\"alignnone size-full wp-image-353\" src=\"https:\/\/www.kampfsport-dagersheim.de\/wp-content\/uploads\/2019\/12\/0Schwarz-3-50.jpg\" alt=\"\" width=\"87\" height=\"35\" \/><br \/><strong>Florian Erdemann\u00a0<\/strong><\/p><p>Die Pr\u00fcfung zum 4. Dan Ju Jitsu und zum 4. Dan Hanbo Jitsu bestand:<br \/><span style=\"color: var( --e-global-color-text ); font-family: var( --e-global-typography-text-font-family ), Sans-serif; font-weight: var( --e-global-typography-text-font-weight ); font-size: 1rem;\"><img loading=\"lazy\" decoding=\"async\" class=\"alignnone size-full wp-image-350\" src=\"https:\/\/www.kampfsport-dagersheim.de\/wp-content\/uploads\/2019\/12\/0Rot-Schwarz50.jpg\" alt=\"\" width=\"87\" height=\"35\" \/><br \/><strong>Cedric Weiss <\/strong><\/span><\/p><p>Da Cedric\u00a0nicht nur die Pr\u00fcfung zum 4. Dan Ju Jitsu und 4. Dan Hanbo Jitsu abgelegt hat, sondern auch zus\u00e4tzlich die Ernennung zum Renshi erhalten hat, darf er nun den rotschwarz geblockten G\u00fcrtel tragen. Renshi ist ein Ehrentitel und steht f\u00fcr einen ausgefeilten Experten im Kampfsport.<\/p><p>Nach der \u00dcbergabe der G\u00fcrtel und Urkunden wurden die neuen Graduierungen beim gemeinsamen Essen im Restaurant \u2018\u2018Bei Georgios\u201c am Waldstadion Dagersheim geb\u00fchrend gefeiert.<\/p>\t\t\t\t\t\t\t\t<\/div>\n\t\t\t\t<\/div>\n\t\t\t\t\t<\/div>\n\t\t<\/div>\n\t\t\t\t\t<\/div>\n\t\t<\/section>\n\t\t\t\t<section class=\"elementor-section elementor-top-section elementor-element elementor-element-97c9d40 elementor-section-boxed elementor-section-height-default elementor-section-height-default\" data-id=\"97c9d40\" data-element_type=\"section\" data-e-type=\"section\">\n\t\t\t\t\t\t<div class=\"elementor-container elementor-column-gap-default\">\n\t\t\t\t\t<div class=\"elementor-column elementor-col-100 elementor-top-column elementor-element elementor-element-d121028\" data-id=\"d121028\" data-element_type=\"column\" data-e-type=\"column\">\n\t\t\t<div class=\"elementor-widget-wrap elementor-element-populated\">\n\t\t\t\t\t\t<div class=\"elementor-element elementor-element-1927e90 elementor-widget elementor-widget-image\" data-id=\"1927e90\" data-element_type=\"widget\" data-e-type=\"widget\" data-widget_type=\"image.default\">\n\t\t\t\t<div class=\"elementor-widget-container\">\n\t\t\t\t\t\t\t\t\t\t\t\t<figure class=\"wp-caption\">\n\t\t\t\t\t\t\t\t\t\t\t<a href=\"https:\/\/www.kampfsport-dagersheim.de\/wp-content\/uploads\/2024\/02\/20240203_171843-DanPrfDagersheim-00-scaled.jpg\" data-elementor-open-lightbox=\"yes\" data-elementor-lightbox-title=\"20240203_171843-DanPrfDagersheim-00\" data-e-action-hash=\"#elementor-action%3Aaction%3Dlightbox%26settings%3DeyJpZCI6MzUzNSwidXJsIjoiaHR0cHM6XC9cL3d3dy5rYW1wZnNwb3J0LWRhZ2Vyc2hlaW0uZGVcL3dwLWNvbnRlbnRcL3VwbG9hZHNcLzIwMjRcLzAyXC8yMDI0MDIwM18xNzE4NDMtRGFuUHJmRGFnZXJzaGVpbS0wMC1zY2FsZWQuanBnIn0%3D\">\n\t\t\t\t\t\t\t<img loading=\"lazy\" decoding=\"async\" width=\"740\" height=\"365\" src=\"https:\/\/www.kampfsport-dagersheim.de\/wp-content\/uploads\/2024\/02\/20240203_171843-DanPrfDagersheim-00-1024x505.jpg\" class=\"attachment-large size-large wp-image-3535\" alt=\"\" srcset=\"https:\/\/www.kampfsport-dagersheim.de\/wp-content\/uploads\/2024\/02\/20240203_171843-DanPrfDagersheim-00-1024x505.jpg 1024w, https:\/\/www.kampfsport-dagersheim.de\/wp-content\/uploads\/2024\/02\/20240203_171843-DanPrfDagersheim-00-300x148.jpg 300w, https:\/\/www.kampfsport-dagersheim.de\/wp-content\/uploads\/2024\/02\/20240203_171843-DanPrfDagersheim-00-768x379.jpg 768w, https:\/\/www.kampfsport-dagersheim.de\/wp-content\/uploads\/2024\/02\/20240203_171843-DanPrfDagersheim-00-1536x757.jpg 1536w, https:\/\/www.kampfsport-dagersheim.de\/wp-content\/uploads\/2024\/02\/20240203_171843-DanPrfDagersheim-00-2048x1010.jpg 2048w\" sizes=\"100vw\" \/>\t\t\t\t\t\t\t\t<\/a>\n\t\t\t\t\t\t\t\t\t\t\t<figcaption class=\"widget-image-caption wp-caption-text\">Hintere Reihe v.l.: Shihan Robert Planer, Hanshi Matthias Weiss, Julius Schwarz, Etienne Pudell, Florian Erdemann, Markus M\u00fcller. Mittlere Reihe v.l.: Soke Siegfried Lory, Renshi Harry Loth, Shihan Johannes Feiler, Cedric Weiss, Peter von Zameck, Michael Erdemann, Fynn Straub, Sophie Ebersohn und Hanshi Hans D\u00f6ring. Vordere Reihe v.l.: Florian Klein, Paulina Maier, Tim Strommer und David Bla\u017einovi\u0107.<\/figcaption>\n\t\t\t\t\t\t\t\t\t\t<\/figure>\n\t\t\t\t\t\t\t\t\t<\/div>\n\t\t\t\t<\/div>\n\t\t\t\t\t<\/div>\n\t\t<\/div>\n\t\t\t\t\t<\/div>\n\t\t<\/section>\n\t\t\t\t<section class=\"elementor-section elementor-top-section elementor-element elementor-element-315babe elementor-section-boxed elementor-section-height-default elementor-section-height-default\" data-id=\"315babe\" data-element_type=\"section\" data-e-type=\"section\">\n\t\t\t\t\t\t<div class=\"elementor-container elementor-column-gap-default\">\n\t\t\t\t\t<div class=\"elementor-column elementor-col-50 elementor-top-column elementor-element elementor-element-7bb0e31\" data-id=\"7bb0e31\" data-element_type=\"column\" data-e-type=\"column\">\n\t\t\t<div class=\"elementor-widget-wrap elementor-element-populated\">\n\t\t\t\t\t\t<div class=\"elementor-element elementor-element-879d3c0 elementor-widget elementor-widget-image\" data-id=\"879d3c0\" data-element_type=\"widget\" data-e-type=\"widget\" data-widget_type=\"image.default\">\n\t\t\t\t<div class=\"elementor-widget-container\">\n\t\t\t\t\t\t\t\t\t\t\t\t<figure class=\"wp-caption\">\n\t\t\t\t\t\t\t\t\t\t\t<a href=\"https:\/\/www.kampfsport-dagersheim.de\/wp-content\/uploads\/2024\/02\/20240203_151304-LehrgangTeilnehmer-scaled.jpg\" data-elementor-open-lightbox=\"yes\" data-elementor-lightbox-title=\"20240203_151304-LehrgangTeilnehmer\" data-e-action-hash=\"#elementor-action%3Aaction%3Dlightbox%26settings%3DeyJpZCI6MzUzNywidXJsIjoiaHR0cHM6XC9cL3d3dy5rYW1wZnNwb3J0LWRhZ2Vyc2hlaW0uZGVcL3dwLWNvbnRlbnRcL3VwbG9hZHNcLzIwMjRcLzAyXC8yMDI0MDIwM18xNTEzMDQtTGVocmdhbmdUZWlsbmVobWVyLXNjYWxlZC5qcGcifQ%3D%3D\">\n\t\t\t\t\t\t\t<img loading=\"lazy\" decoding=\"async\" width=\"740\" height=\"416\" src=\"https:\/\/www.kampfsport-dagersheim.de\/wp-content\/uploads\/2024\/02\/20240203_151304-LehrgangTeilnehmer-1024x576.jpg\" class=\"attachment-large size-large wp-image-3537\" alt=\"\" srcset=\"https:\/\/www.kampfsport-dagersheim.de\/wp-content\/uploads\/2024\/02\/20240203_151304-LehrgangTeilnehmer-1024x576.jpg 1024w, https:\/\/www.kampfsport-dagersheim.de\/wp-content\/uploads\/2024\/02\/20240203_151304-LehrgangTeilnehmer-300x169.jpg 300w, https:\/\/www.kampfsport-dagersheim.de\/wp-content\/uploads\/2024\/02\/20240203_151304-LehrgangTeilnehmer-768x432.jpg 768w, https:\/\/www.kampfsport-dagersheim.de\/wp-content\/uploads\/2024\/02\/20240203_151304-LehrgangTeilnehmer-1536x864.jpg 1536w, https:\/\/www.kampfsport-dagersheim.de\/wp-content\/uploads\/2024\/02\/20240203_151304-LehrgangTeilnehmer-2048x1152.jpg 2048w\" sizes=\"100vw\" \/>\t\t\t\t\t\t\t\t<\/a>\n\t\t\t\t\t\t\t\t\t\t\t<figcaption class=\"widget-image-caption wp-caption-text\">Lehrgangsteilnehmer mit Referent Soke Siegfried Lory 10. Dan<\/figcaption>\n\t\t\t\t\t\t\t\t\t\t<\/figure>\n\t\t\t\t\t\t\t\t\t<\/div>\n\t\t\t\t<\/div>\n\t\t\t\t\t<\/div>\n\t\t<\/div>\n\t\t\t\t<div class=\"elementor-column elementor-col-50 elementor-top-column elementor-element elementor-element-1a344cf\" data-id=\"1a344cf\" data-element_type=\"column\" data-e-type=\"column\">\n\t\t\t<div class=\"elementor-widget-wrap elementor-element-populated\">\n\t\t\t\t\t\t<div class=\"elementor-element elementor-element-216af0b elementor-widget elementor-widget-image\" data-id=\"216af0b\" data-element_type=\"widget\" data-e-type=\"widget\" data-widget_type=\"image.default\">\n\t\t\t\t<div class=\"elementor-widget-container\">\n\t\t\t\t\t\t\t\t\t\t\t\t<figure class=\"wp-caption\">\n\t\t\t\t\t\t\t\t\t\t\t<a href=\"https:\/\/www.kampfsport-dagersheim.de\/wp-content\/uploads\/2024\/02\/20240203_171735_DanPruefGesamt-scaled.jpg\" data-elementor-open-lightbox=\"yes\" data-elementor-lightbox-title=\"20240203_171735_DanPruefGesamt\" data-e-action-hash=\"#elementor-action%3Aaction%3Dlightbox%26settings%3DeyJpZCI6MzUzOCwidXJsIjoiaHR0cHM6XC9cL3d3dy5rYW1wZnNwb3J0LWRhZ2Vyc2hlaW0uZGVcL3dwLWNvbnRlbnRcL3VwbG9hZHNcLzIwMjRcLzAyXC8yMDI0MDIwM18xNzE3MzVfRGFuUHJ1ZWZHZXNhbXQtc2NhbGVkLmpwZyJ9\">\n\t\t\t\t\t\t\t<img loading=\"lazy\" decoding=\"async\" width=\"740\" height=\"416\" src=\"https:\/\/www.kampfsport-dagersheim.de\/wp-content\/uploads\/2024\/02\/20240203_171735_DanPruefGesamt-1024x576.jpg\" class=\"attachment-large size-large wp-image-3538\" alt=\"\" srcset=\"https:\/\/www.kampfsport-dagersheim.de\/wp-content\/uploads\/2024\/02\/20240203_171735_DanPruefGesamt-1024x576.jpg 1024w, https:\/\/www.kampfsport-dagersheim.de\/wp-content\/uploads\/2024\/02\/20240203_171735_DanPruefGesamt-300x169.jpg 300w, https:\/\/www.kampfsport-dagersheim.de\/wp-content\/uploads\/2024\/02\/20240203_171735_DanPruefGesamt-768x432.jpg 768w, https:\/\/www.kampfsport-dagersheim.de\/wp-content\/uploads\/2024\/02\/20240203_171735_DanPruefGesamt-1536x864.jpg 1536w, https:\/\/www.kampfsport-dagersheim.de\/wp-content\/uploads\/2024\/02\/20240203_171735_DanPruefGesamt-2048x1152.jpg 2048w\" sizes=\"100vw\" \/>\t\t\t\t\t\t\t\t<\/a>\n\t\t\t\t\t\t\t\t\t\t\t<figcaption class=\"widget-image-caption wp-caption-text\">Alle Danpr\u00fcflinge mit Pr\u00fcfern<\/figcaption>\n\t\t\t\t\t\t\t\t\t\t<\/figure>\n\t\t\t\t\t\t\t\t\t<\/div>\n\t\t\t\t<\/div>\n\t\t\t\t\t<\/div>\n\t\t<\/div>\n\t\t\t\t\t<\/div>\n\t\t<\/section>\n\t\t\t\t<\/div>\n\t\t","protected":false},"excerpt":{"rendered":"<p>Gro\u00dfe Schwarzgurtpr\u00fcfung bei der Kampfsportabteilung des TSV Dagersheim\u00a0 \u00a0 Am Samstag, den 03.02.2024, fand bei der Kampfsportabteilung des TSV Dagersheim eine gro\u00dfe Schwarzgurtpr\u00fcfung des Internationalen Fachverbandes f\u00fcr asiatische Kampfsportarten IFAK im Ju Jistu und Hanbo Jitsu statt. Die Pr\u00fcfungskommission leitete der IFAK Pr\u00e4sident, Soke Siegfried Lory 10. Dan. Weitere Pr\u00fcfer waren Hanshi Hans D\u00f6ring 10. &hellip; <\/p>\n<p class=\"link-more\"><a href=\"https:\/\/www.kampfsport-dagersheim.de\/?page_id=3530\" class=\"more-link\"><span class=\"screen-reader-text\">\u201eIFAK Kampfsportlehrgang und DAN-Pr\u00fcfungen\u201c <\/span>weiterlesen<\/a><\/p>\n","protected":false},"author":1,"featured_media":0,"parent":0,"menu_order":0,"comment_status":"closed","ping_status":"closed","template":"","meta":{"footnotes":""},"class_list":["post-3530","page","type-page","status-publish","hentry"],"_links":{"self":[{"href":"https:\/\/www.kampfsport-dagersheim.de\/index.php?rest_route=\/wp\/v2\/pages\/3530","targetHints":{"allow":["GET"]}}],"collection":[{"href":"https:\/\/www.kampfsport-dagersheim.de\/index.php?rest_route=\/wp\/v2\/pages"}],"about":[{"href":"https:\/\/www.kampfsport-dagersheim.de\/index.php?rest_route=\/wp\/v2\/types\/page"}],"author":[{"embeddable":true,"href":"https:\/\/www.kampfsport-dagersheim.de\/index.php?rest_route=\/wp\/v2\/users\/1"}],"replies":[{"embeddable":true,"href":"https:\/\/www.kampfsport-dagersheim.de\/index.php?rest_route=%2Fwp%2Fv2%2Fcomments&post=3530"}],"version-history":[{"count":5,"href":"https:\/\/www.kampfsport-dagersheim.de\/index.php?rest_route=\/wp\/v2\/pages\/3530\/revisions"}],"predecessor-version":[{"id":3541,"href":"https:\/\/www.kampfsport-dagersheim.de\/index.php?rest_route=\/wp\/v2\/pages\/3530\/revisions\/3541"}],"wp:attachment":[{"href":"https:\/\/www.kampfsport-dagersheim.de\/index.php?rest_route=%2Fwp%2Fv2%2Fmedia&parent=3530"}],"curies":[{"name":"wp","href":"https:\/\/api.w.org\/{rel}","templated":true}]}}