{"id":2629,"date":"2022-12-04T12:30:46","date_gmt":"2022-12-04T11:30:46","guid":{"rendered":"http:\/\/www.kampfsport-dagersheim.de\/?page_id=2629"},"modified":"2022-12-04T13:02:44","modified_gmt":"2022-12-04T12:02:44","slug":"2-dan-shotokan-karate-fuer-christian-ogrinec","status":"publish","type":"page","link":"https:\/\/www.kampfsport-dagersheim.de\/?page_id=2629","title":{"rendered":"2022 &#8211; Karate Schwarzgurtpr\u00fcfung"},"content":{"rendered":"\t\t<div data-elementor-type=\"wp-page\" data-elementor-id=\"2629\" class=\"elementor elementor-2629\">\n\t\t\t\t\t\t<section class=\"elementor-section elementor-top-section elementor-element elementor-element-591951fd elementor-section-boxed elementor-section-height-default elementor-section-height-default\" data-id=\"591951fd\" data-element_type=\"section\" data-e-type=\"section\">\n\t\t\t\t\t\t<div class=\"elementor-container elementor-column-gap-default\">\n\t\t\t\t\t<div class=\"elementor-column elementor-col-100 elementor-top-column elementor-element elementor-element-46effeea\" data-id=\"46effeea\" data-element_type=\"column\" data-e-type=\"column\">\n\t\t\t<div class=\"elementor-widget-wrap elementor-element-populated\">\n\t\t\t\t\t\t<div class=\"elementor-element elementor-element-49af9862 elementor-widget elementor-widget-text-editor\" data-id=\"49af9862\" data-element_type=\"widget\" data-e-type=\"widget\" data-widget_type=\"text-editor.default\">\n\t\t\t\t<div class=\"elementor-widget-container\">\n\t\t\t\t\t\t\t\t\t<p style=\"text-align: left;\"><strong>Mit Auszeichnung bestanden!<\/strong><\/p><p><strong>2. Dan f\u00fcr Christian Ogrinec vom TSV Dagersheim<\/strong><\/p><p>Christian Ogrinec, Karate-Trainer f\u00fcr Kinder und Erwachsene beim TSV Dagersheim, hat seine Pr\u00fcfung zum 2. Dan erfolgreich abgelegt.<\/p><p>Nach fast vier Stunden Pr\u00fcfung hatten es alle 13 Teilnehmerinnen und Teilnehmer geschafft und die n\u00e4chste Stufe in ihrer pers\u00f6nlichen Karate-Laufbahn erreicht.<\/p><p>Gepr\u00fcft wurde vom 1. Dan. bis zum 4. Dan.<\/p><p>Vorausgegangen war ein Jahr intensiver Vorbereitung mit mehreren Lehrg\u00e4ngen, in denen ausf\u00fchrlich auf die neue Pr\u00fcfungsordnung eingegangen worden war. So waren im Rahmen der Pr\u00fcfung beispielsweise neben dem Kata-Bunkai auch realistische Anwendungen der Kihon-Kombinationen (Techniken in Anwendung am Partner) zu pr\u00e4sentieren. Zum weiteren Pr\u00fcfungsprogramm geh\u00f6rten auch eine sehr anspruchsvolle Grundschule sowie eine Pflicht- und eine K\u00fcr-Kata (Kampf gegen einen oder mehrere imagin\u00e4re Gegner).<\/p><p>Der Karateverband Baden-W\u00fcrttemberg bietet eine spezielle Vorbereitung mit 4 Pflicht-Lehrgangsterminen an. Das erm\u00f6glicht dem Trainer- und sp\u00e4teren Pr\u00fcferteam Roman Kalbacher, 6. Dan und Dietmar Wagner, 6. Dan (Stilrichtungsreferent Shotokan im Karateverband BaW\u00fc), die Teilnehmer \u00fcber einen l\u00e4ngeren Zeitraum zu begleiten und individuell auf jeden Einzelnen einzugehen.<\/p><p>F\u00fcr Christian hat sich die lange und gr\u00fcndliche Vorbereitung gelohnt. Bei der \u00dcbergabe des Dan-Diploms bescheinigten ihm die Pr\u00fcfer eine hervorragende Leistung und zeichneten ihn als Pr\u00fcfungsbesten aus.<\/p><p>W\u00e4hrend der \u00fcber einj\u00e4hrigen Vorbereitung wurde Christian von seinen beiden Trainern Michael Erlenmaier, 6. Dan und Michael Klengel, 4. Dan. unterst\u00fctzt.<\/p><p>Ein besonderer Dank gilt aber auch dem Trainerteam vom Karateverein SV Leonberg-Eltingen. Da die Schwippehalle in Dagersheim aktuell umgebaut wird, nutzte Chris die ihm dort angebotene zus\u00e4tzliche Trainingsm\u00f6glichkeit.<\/p><p>Informationen zum Karate-Angebot beim TSV Dagersheim bzw. Ansprechpartner finden sie im Internet unter <a href=\"https:\/\/www.kampfsport-dagersheim.de\">www.kampfsport-dagersheim.de<\/a>.<\/p><p>Bericht + Bilder: Michael Klengel<\/p>\t\t\t\t\t\t\t\t<\/div>\n\t\t\t\t<\/div>\n\t\t\t\t\t<\/div>\n\t\t<\/div>\n\t\t\t\t\t<\/div>\n\t\t<\/section>\n\t\t\t\t<section class=\"elementor-section elementor-top-section elementor-element elementor-element-41989d5 elementor-section-boxed elementor-section-height-default elementor-section-height-default\" data-id=\"41989d5\" data-element_type=\"section\" data-e-type=\"section\">\n\t\t\t\t\t\t<div class=\"elementor-container elementor-column-gap-default\">\n\t\t\t\t\t<div class=\"elementor-column elementor-col-100 elementor-top-column elementor-element elementor-element-b2dc0bc\" data-id=\"b2dc0bc\" data-element_type=\"column\" data-e-type=\"column\">\n\t\t\t<div class=\"elementor-widget-wrap elementor-element-populated\">\n\t\t\t\t\t\t<div class=\"elementor-element elementor-element-477a322 elementor-widget elementor-widget-image\" data-id=\"477a322\" data-element_type=\"widget\" data-e-type=\"widget\" data-widget_type=\"image.default\">\n\t\t\t\t<div class=\"elementor-widget-container\">\n\t\t\t\t\t\t\t\t\t\t\t\t<figure class=\"wp-caption\">\n\t\t\t\t\t\t\t\t\t\t\t<a href=\"https:\/\/www.kampfsport-dagersheim.de\/wp-content\/uploads\/2022\/12\/word-image-2629-1.png\" data-elementor-open-lightbox=\"yes\" data-elementor-lightbox-title=\"word-image-2629-1\" data-e-action-hash=\"#elementor-action%3Aaction%3Dlightbox%26settings%3DeyJpZCI6MjYzMSwidXJsIjoiaHR0cHM6XC9cL3d3dy5rYW1wZnNwb3J0LWRhZ2Vyc2hlaW0uZGVcL3dwLWNvbnRlbnRcL3VwbG9hZHNcLzIwMjJcLzEyXC93b3JkLWltYWdlLTI2MjktMS5wbmcifQ%3D%3D\">\n\t\t\t\t\t\t\t<img fetchpriority=\"high\" decoding=\"async\" width=\"740\" height=\"722\" src=\"https:\/\/www.kampfsport-dagersheim.de\/wp-content\/uploads\/2022\/12\/word-image-2629-1-1024x999.png\" class=\"attachment-large size-large wp-image-2631\" alt=\"\" srcset=\"https:\/\/www.kampfsport-dagersheim.de\/wp-content\/uploads\/2022\/12\/word-image-2629-1-1024x999.png 1024w, https:\/\/www.kampfsport-dagersheim.de\/wp-content\/uploads\/2022\/12\/word-image-2629-1-300x293.png 300w, https:\/\/www.kampfsport-dagersheim.de\/wp-content\/uploads\/2022\/12\/word-image-2629-1-768x749.png 768w, https:\/\/www.kampfsport-dagersheim.de\/wp-content\/uploads\/2022\/12\/word-image-2629-1-1536x1499.png 1536w, https:\/\/www.kampfsport-dagersheim.de\/wp-content\/uploads\/2022\/12\/word-image-2629-1.png 1740w\" sizes=\"100vw\" \/>\t\t\t\t\t\t\t\t<\/a>\n\t\t\t\t\t\t\t\t\t\t\t<figcaption class=\"widget-image-caption wp-caption-text\">Von links nach rechts: Pr\u00fcfer Roman Kalbacher, Christian Ogrinec, Pr\u00fcfer Dr. Dietmar Wagner,  Trainer Michael Klengel<\/figcaption>\n\t\t\t\t\t\t\t\t\t\t<\/figure>\n\t\t\t\t\t\t\t\t\t<\/div>\n\t\t\t\t<\/div>\n\t\t\t\t\t<\/div>\n\t\t<\/div>\n\t\t\t\t\t<\/div>\n\t\t<\/section>\n\t\t\t\t<section class=\"elementor-section elementor-top-section elementor-element elementor-element-36ad451 elementor-section-boxed elementor-section-height-default elementor-section-height-default\" data-id=\"36ad451\" data-element_type=\"section\" data-e-type=\"section\">\n\t\t\t\t\t\t<div class=\"elementor-container elementor-column-gap-default\">\n\t\t\t\t\t<div class=\"elementor-column elementor-col-50 elementor-top-column elementor-element elementor-element-d1d1ab2\" data-id=\"d1d1ab2\" data-element_type=\"column\" data-e-type=\"column\">\n\t\t\t<div class=\"elementor-widget-wrap elementor-element-populated\">\n\t\t\t\t\t\t<div class=\"elementor-element elementor-element-b6a0ae3 elementor-widget elementor-widget-text-editor\" data-id=\"b6a0ae3\" data-element_type=\"widget\" data-e-type=\"widget\" data-widget_type=\"text-editor.default\">\n\t\t\t\t<div class=\"elementor-widget-container\">\n\t\t\t\t\t\t\t\t\t<p><strong>\u00dcbergabe des Diploms zum 2. Dan<\/strong><\/p>\t\t\t\t\t\t\t\t<\/div>\n\t\t\t\t<\/div>\n\t\t\t\t<div class=\"elementor-element elementor-element-f8d30fb elementor-widget elementor-widget-image\" data-id=\"f8d30fb\" data-element_type=\"widget\" data-e-type=\"widget\" data-widget_type=\"image.default\">\n\t\t\t\t<div class=\"elementor-widget-container\">\n\t\t\t\t\t\t\t\t\t\t\t\t\t\t\t<img decoding=\"async\" width=\"586\" height=\"711\" src=\"https:\/\/www.kampfsport-dagersheim.de\/wp-content\/uploads\/2022\/12\/ein-bild-das-boden-drinnen-person-sport-enthal.png\" class=\"attachment-large size-large wp-image-2633\" alt=\"Ein Bild, das Boden, drinnen, Person, Sport enth\u00e4lt. Automatisch generierte Beschreibung\" srcset=\"https:\/\/www.kampfsport-dagersheim.de\/wp-content\/uploads\/2022\/12\/ein-bild-das-boden-drinnen-person-sport-enthal.png 586w, https:\/\/www.kampfsport-dagersheim.de\/wp-content\/uploads\/2022\/12\/ein-bild-das-boden-drinnen-person-sport-enthal-247x300.png 247w\" sizes=\"100vw\" \/>\t\t\t\t\t\t\t\t\t\t\t\t\t\t\t<\/div>\n\t\t\t\t<\/div>\n\t\t\t\t\t<\/div>\n\t\t<\/div>\n\t\t\t\t<div class=\"elementor-column elementor-col-50 elementor-top-column elementor-element elementor-element-c3d695f\" data-id=\"c3d695f\" data-element_type=\"column\" data-e-type=\"column\">\n\t\t\t<div class=\"elementor-widget-wrap elementor-element-populated\">\n\t\t\t\t\t\t<div class=\"elementor-element elementor-element-f29a2f6 elementor-widget elementor-widget-text-editor\" data-id=\"f29a2f6\" data-element_type=\"widget\" data-e-type=\"widget\" data-widget_type=\"text-editor.default\">\n\t\t\t\t<div class=\"elementor-widget-container\">\n\t\t\t\t\t\t\t\t\t<p>\u00a0\u00a0<\/p>\t\t\t\t\t\t\t\t<\/div>\n\t\t\t\t<\/div>\n\t\t\t\t<div class=\"elementor-element elementor-element-4112983 elementor-widget elementor-widget-image\" data-id=\"4112983\" data-element_type=\"widget\" data-e-type=\"widget\" data-widget_type=\"image.default\">\n\t\t\t\t<div class=\"elementor-widget-container\">\n\t\t\t\t\t\t\t\t\t\t\t\t\t\t\t<img decoding=\"async\" width=\"538\" height=\"707\" src=\"https:\/\/www.kampfsport-dagersheim.de\/wp-content\/uploads\/2022\/12\/word-image-2629-2.png\" class=\"attachment-large size-large wp-image-2632\" alt=\"\" srcset=\"https:\/\/www.kampfsport-dagersheim.de\/wp-content\/uploads\/2022\/12\/word-image-2629-2.png 538w, https:\/\/www.kampfsport-dagersheim.de\/wp-content\/uploads\/2022\/12\/word-image-2629-2-228x300.png 228w\" sizes=\"100vw\" \/>\t\t\t\t\t\t\t\t\t\t\t\t\t\t\t<\/div>\n\t\t\t\t<\/div>\n\t\t\t\t\t<\/div>\n\t\t<\/div>\n\t\t\t\t\t<\/div>\n\t\t<\/section>\n\t\t\t\t<\/div>\n\t\t","protected":false},"excerpt":{"rendered":"<p>Mit Auszeichnung bestanden! 2. Dan f\u00fcr Christian Ogrinec vom TSV Dagersheim Christian Ogrinec, Karate-Trainer f\u00fcr Kinder und Erwachsene beim TSV Dagersheim, hat seine Pr\u00fcfung zum 2. Dan erfolgreich abgelegt. Nach fast vier Stunden Pr\u00fcfung hatten es alle 13 Teilnehmerinnen und Teilnehmer geschafft und die n\u00e4chste Stufe in ihrer pers\u00f6nlichen Karate-Laufbahn erreicht. Gepr\u00fcft wurde vom 1. &hellip; <\/p>\n<p class=\"link-more\"><a href=\"https:\/\/www.kampfsport-dagersheim.de\/?page_id=2629\" class=\"more-link\"><span class=\"screen-reader-text\">\u201e2022 &#8211; Karate Schwarzgurtpr\u00fcfung\u201c <\/span>weiterlesen<\/a><\/p>\n","protected":false},"author":1,"featured_media":0,"parent":0,"menu_order":0,"comment_status":"closed","ping_status":"closed","template":"","meta":{"footnotes":""},"class_list":["post-2629","page","type-page","status-publish","hentry"],"_links":{"self":[{"href":"https:\/\/www.kampfsport-dagersheim.de\/index.php?rest_route=\/wp\/v2\/pages\/2629","targetHints":{"allow":["GET"]}}],"collection":[{"href":"https:\/\/www.kampfsport-dagersheim.de\/index.php?rest_route=\/wp\/v2\/pages"}],"about":[{"href":"https:\/\/www.kampfsport-dagersheim.de\/index.php?rest_route=\/wp\/v2\/types\/page"}],"author":[{"embeddable":true,"href":"https:\/\/www.kampfsport-dagersheim.de\/index.php?rest_route=\/wp\/v2\/users\/1"}],"replies":[{"embeddable":true,"href":"https:\/\/www.kampfsport-dagersheim.de\/index.php?rest_route=%2Fwp%2Fv2%2Fcomments&post=2629"}],"version-history":[{"count":10,"href":"https:\/\/www.kampfsport-dagersheim.de\/index.php?rest_route=\/wp\/v2\/pages\/2629\/revisions"}],"predecessor-version":[{"id":2650,"href":"https:\/\/www.kampfsport-dagersheim.de\/index.php?rest_route=\/wp\/v2\/pages\/2629\/revisions\/2650"}],"wp:attachment":[{"href":"https:\/\/www.kampfsport-dagersheim.de\/index.php?rest_route=%2Fwp%2Fv2%2Fmedia&parent=2629"}],"curies":[{"name":"wp","href":"https:\/\/api.w.org\/{rel}","templated":true}]}}